{"text_format":"1","workbook":"xlsx","n_sheets":3,"sheets":["Calculator","Selections","ML Table"],"not_rendered":{"charts":0,"images":3,"macros":1,"external_links":0,"defined_names":8,"comments":0,"pivot_tables":0},"unopened":[],"bounds":{"document_bytes":16777216,"sheet_cells":100000,"rows_first":2000,"rows_last":500,"rows_between":2000,"halvings":0,"cell_chars":16384,"cell_head_chars":4096},"cells_cut":0,"cells_raw":0,"read":"whole","date_system":"1900"}

{"sheet":"Calculator","index":0,"n_rows":22,"n_cols":6,"rows_kept":22,"cut":false,"hidden":false,"merged":[[0,1,0,5],[22,1,22,5]]}
[]
[]
[null,"Pick Your County",null,"Pick Your Subdivision",null,"Pick Your Parcel Type"]
[null,"Maricopa",null,"I don’t see my subdivision",null,"Residence, Common Area, Commercial Lot, or Category 1 ML"]
[]
[null,"Instructions for spreadsheet",null,"Your Water Provider is",null,"Your Active Management Area is"]
[null,null,null,{"$f":"VLOOKUP(Table7[Pick Your Subdivision], 'ML Table'!C2:E1264, 3, FALSE)","v":"Unknown"},null,{"$f":"(VLOOKUP(Table7[Pick Your Subdivision], 'ML Table'!C2:E1264, 2, FALSE))","v":"Unknown"}]
[]
[null,"Enter Your Water Use",null,"Pick the Units",null,"Pick the Duration"]
[null,80000,null,"Gallons",null,"Per Year"]
[]
[null,null,null,"You use:",null,"Per Acre-foot Charge of:"]
[null,null,null,{"$f":"CONCATENATE(TEXT((Table9[Enter Your Water Use]*VLOOKUP(Table11[Pick the Units], Selections!A11:B15, 2, FALSE)*VLOOKUP(Table13[Pick the Duration], Selections!A18:B19,2,FALSE)), \"###,###\"), \" gallons of water each year or \", TEXT(((1/325851)*Table9[Enter Your Water Use]*VLOOKUP(Table11[Pick the Units], Selections!A11:B15, 2, FALSE)*VLOOKUP(Table13[Pick the Duration], Selections!A18:B19,2,FALSE)), \"0.00\"), \" acre-feet\")","v":"80,000 gallons of water each year or 0.25 acre-feet"},null,{"$f":"VLOOKUP(F7, Selections!A22:D25, 3, FALSE)-IF(Table15[Pick Your Parcel Type]=\"Category 2 ML Golf Course\", (VLOOKUP(F7, Selections!A22:D25, 4, FALSE)), 0)","v":785}]
[null,null,null,"Help me estimate my water use"]
[]
[null,"CAGRD Annual Dues",null,{"$f":"VLOOKUP(VLOOKUP(Table7[Pick Your Subdivision], 'ML Table'!C2:E1264, 2, FALSE), Selections!A22:B25, 2, FALSE)","v":35.729999999999997}]
[null,"Replenishment Charge",null,{"$f":"((Table9[Enter Your Water Use]*VLOOKUP(Table11[Pick the Units], Selections!A11:B15, 2, FALSE)*VLOOKUP(Table13[Pick the Duration], Selections!A18:B19,2,FALSE))/325851)*F13","v":192.72612328947892}]
[null,null,null,"Tell me more about CAGRD fees"]
[]
[null,"Yearly Estimated Total",null,{"$f":"D17+D16","v":228.45612328947891}]
[null,"Monthly Equivalent",null,{"$f":"D20/12","v":19.038010274123241}]
[null,null,null,"Why is this different from my tax statement?"]

{"sheet":"Selections","index":1,"n_rows":29,"n_cols":4,"rows_kept":29,"cut":false,"hidden":true,"merged":[]}
[]
[]
[]
["County List"]
["Maricopa"]
["Pima"]
["Pinal"]
["Unknown"]
[]
["Units List","Multiplier"]
["Gallons",1]
["Units / CCF",748]
["Thousand Gallons",1000]
["Ten Thousand Gallons",10000]
["Acre-Feet",{"$f":"325851","v":325851}]
[]
["Time List","Mulitiplier"]
["Per Month",12]
["Per Year",1]
[]
["AMA","AMD","AF Rate","RR Charge"]
["Phoenix",30,765,103]
["Pinal",23.38,785,103]
["Tucson",35.729999999999997,785,103]
["Unknown",35.729999999999997,785,103]
[]
["Parcel Type"]
["Residence, Common Area, Commercial Lot, or Category 1 ML"]
["Category 2 ML Golf Course"]

{"sheet":"ML Table","index":2,"n_rows":1264,"n_cols":5,"rows_kept":1264,"cut":false,"hidden":true,"merged":[]}
["ML #","County","Member Land Name","AMA:","WPNameAndDiv"]
[0,"Maricopa","I don’t see my subdivision","Unknown","Unknown"]
[1066,"Maricopa","Abel Ranch (fka Talaverde Estates) Combined","Phoenix","EPCOR Water Arizona Inc. (Arizona-American Water) - Agua Fria"]
[553,"Maricopa","Acacia Crossing","Phoenix","City of Buckeye"]
[1293,"Maricopa","Acoma Court","Phoenix","EPCOR Water Arizona Inc. (Arizona-American Water) - Agua Fria"]
[196,"Maricopa","Adobe Estates","Phoenix","Arizona Water Company - Apache Junction"]
[723,"Maricopa","Adobe Meadows","Phoenix","Arizona Water Company - Apache Junction"]
[465,"Maricopa","Agua Fria Ranch together with Enclave off Olive","Phoenix","EPCOR Water Arizona Inc. (Arizona-American Water) - Sun City"]
[850,"Maricopa","Alexandra Pointe Rural Subdivision","Phoenix","Saguaro Acres Community Facilities District"]
[1444,"Maricopa","Allen Ranches","Phoenix","EPCOR Water Arizona Inc. (Arizona-American Water) - Agua Fria"]
[900,"Maricopa","Anderson Parc","Phoenix","City of Buckeye (Valencia) - Valencia"]
[1113,"Maricopa","Anthem at Sun Valley South Unit 1","Phoenix","City of Buckeye"]
[1056,"Maricopa","Anthem at Sun Valley South Units 3, 5, 7, 9, 11, 13, 15, & 17","Phoenix","City of Buckeye"]
[1057,"Maricopa","Anthem at Sun Valley South Units 4, 6, 8, 10, & 12 (w/ non CAT 2 Golf Course)","Phoenix","City of Buckeye"]
[899,"Maricopa","Apache Farms","Phoenix","City of Buckeye (Valencia) - Valencia"]
[191,"Maricopa","Apache Peak II (Joy Ranch)","Phoenix","Desert Hills Water Company"]
[397,"Maricopa","Apache Peak III","Phoenix","Desert Hills Water Company"]
[11,"Maricopa","Apache Peak Ranch","Phoenix","Desert Hills Water Company"]
[1367,"Maricopa","Appleby 7","Phoenix","Town of Queen Creek"]
[20,"Maricopa","Arizona Traditions I","Phoenix","EPCOR Water Arizona Inc. (Arizona-American Water) - Agua Fria"]
[61,"Maricopa","Arizona Traditions II & III (filed under ML# 0020)","Phoenix","EPCOR Water Arizona Inc. (Arizona-American Water) - Agua Fria"]
[45,"Maricopa","Arizona Traditions IV, V, VI, VII","Phoenix","EPCOR Water Arizona Inc. (Arizona-American Water) - Agua Fria"]
[584,"Maricopa","Arizona Traditions North Parcel XIV","Phoenix","EPCOR Water Arizona Inc. (Arizona-American Water) - Agua Fria"]
[462,"Maricopa","Arizona Traditions North Parcel XV","Phoenix","EPCOR Water Arizona Inc. (Arizona-American Water) - Agua Fria"]
[433,"Maricopa","Arizona Traditions North Parcel XVI","Phoenix","EPCOR Water Arizona Inc. (Arizona-American Water) - Agua Fria"]
[305,"Maricopa","Arizona Traditions North XII and Xlll","Phoenix","EPCOR Water Arizona Inc. (Arizona-American Water) - Agua Fria"]
[136,"Maricopa","Arizona Traditions Parcels VIII, IX and X","Phoenix","EPCOR Water Arizona Inc. (Arizona-American Water) - Agua Fria"]
[183,"Maricopa","Arizona Traditions XI","Phoenix","EPCOR Water Arizona Inc. (Arizona-American Water) - Agua Fria"]
[134,"Maricopa","Arroyo De La Reina","Phoenix","Town of Queen Creek"]
[1230,"Maricopa","Arroyo Seco North","Phoenix","Arizona Water Company - White Tanks"]
[1255,"Maricopa","Arroyo Seco South (Village III)","Phoenix","Arizona Water Company - White Tanks"]
[789,"Maricopa","Ash Creek Estates","Phoenix","Town of Queen Creek"]
[1330,"Maricopa","Austin Ranch East (Aka North Copper Canyon)","Phoenix","Liberty Utilities (Beardsley Water) Corp."]
[981,"Maricopa","Austin Ranch West, Parcels 1-6 (Aka North Copper Canyon)","Phoenix","Liberty Utilities (Beardsley Water) Corp."]
[1395,"Maricopa","Azure Canyon (Combined a portion Parcel IV of Russell Ranch #0368)","Phoenix","EPCOR Water Arizona Inc. (Arizona-American Water) - Agua Fria"]
[1136,"Maricopa","Barney 20","Phoenix","Town of Queen Creek"]
[1363,"Maricopa","Barney Farms","Phoenix","Town of Queen Creek"]
[223,"Maricopa","Bel Fleur","Phoenix","Liberty Utilities (Litchfield Park Water & Sewer) - Corp."]
[542,"Maricopa","Bell Pointe I","Phoenix","EPCOR Water Arizona Inc. (Arizona-American Water) - Agua Fria"]
[1133,"Maricopa","Bell Pointe II","Phoenix","EPCOR Water Arizona Inc. (Arizona-American Water) - Agua Fria"]
[186,"Maricopa","Bell West Ranch","Phoenix","EPCOR Water Arizona Inc. (Arizona-American Water) - Agua Fria"]
[867,"Maricopa","Bellero (Pegasus Estates)","Phoenix","Town of Queen Creek"]
[1429,"Maricopa","Bentridge","Phoenix","City of Buckeye"]
[424,"Maricopa","Bethany Estates","Phoenix","Valley Utilities Water Company, Inc."]
[372,"Maricopa","Blue Hills","Phoenix","City of Buckeye (Valencia) - Valencia"]
[371,"Maricopa","Blue Horizons Villages (recorded as  Blue Horizons Villages Parcels 1-4)","Phoenix","Arizona Water Company - White Tanks"]
[521,"Maricopa","Brekanwood Estates","Phoenix","Chandler Heights Citrus Irrigation District"]
[1461,"Maricopa","Bridle Creek","Phoenix","Town of Queen Creek"]
[916,"Maricopa","Bridle Ranch (Ranchos Legante)","Phoenix","Town of Queen Creek"]
[576,"Maricopa","Buckeye 320, Phase 1","Phoenix","City of Buckeye (Valencia) - Valencia"]
[296,"Maricopa","Buckeye Park","Phoenix","City of Buckeye (Valencia) - Valencia"]
[98,"Maricopa","Buckeye Ranch, Phase 1","Phoenix","Global Water - Greater Tonopah Water Company, Inc."]
[768,"Maricopa","Caballos Del Rio","Phoenix","Sunrise Water Co."]
[1268,"Maricopa","Cachet at Wigwam","Phoenix","Liberty Utilities (Litchfield Park Water & Sewer) - Corp."]
[177,"Maricopa","Camberley Place","Phoenix","Arizona Water Company - Apache Junction"]
[352,"Maricopa","Camelback Garden Farms","Phoenix","Arizona Water Company - White Tanks"]
[1069,"Maricopa","Camelback Place at Dysart","Phoenix","Liberty Utilities (Litchfield Park Water & Sewer) - Corp."]
[952,"Maricopa","Camelot Condominium","Phoenix","City of Buckeye"]
[901,"Maricopa","Camelot Homes at Palm Valley","Phoenix","Liberty Utilities (Litchfield Park Water & Sewer) - Corp."]
[1418,"Maricopa","Camino Crossing","Phoenix","EPCOR Water Arizona Inc. (Arizona-American Water) - Agua Fria"]
[802,"Maricopa","Camino Vista","Phoenix","City of Tolleson"]
[1071,"Maricopa","Campanos Estates","Phoenix","Sunrise Water Co."]
[254,"Maricopa","Cantera Gates","Phoenix","Rose Valley Water Company"]
[184,"Maricopa","Canyon Ridge West","Phoenix","EPCOR Water Arizona Inc. (Arizona-American Water) - Sun City"]
[582,"Maricopa","Canyon Ridge West Parcel 5","Phoenix","EPCOR Water Arizona Inc. (Arizona-American Water) - Sun City"]
[1261,"Maricopa","Canyon Views","Phoenix","EPCOR Water Arizona Inc. (Arizona-American Water) - Agua Fria"]
[587,"Maricopa","Capistrano North","Phoenix","Valley Utilities Water Company, Inc."]
[588,"Maricopa","Capistrano South","Phoenix","Valley Utilities Water Company, Inc."]
[619,"Maricopa","Casa de Sunrise","Phoenix","Sunrise Water Co."]
[1167,"Maricopa","Cave Creek Promenade, A Condominium","Phoenix","Town of Cave Creek"]
[1137,"Maricopa","Cave Creek Rancho Verde Del Rio (Rancho Verde Del Rio Condominium)","Phoenix","Town of Cave Creek"]
[1007,"Maricopa","Charleston Estates","Phoenix","Town of Queen Creek"]
[1249,"Maricopa","Church Farm","Phoenix","Town of Queen Creek (H2O, Inc.)"]
[1059,"Maricopa","Church Farm Acres","Phoenix","Town of Queen Creek (H2O, Inc.)"]
[876,"Maricopa","Cielo Grande at Desert Hills","Phoenix","Desert Hills Water Company"]
[336,"Maricopa","Cielo Noche (Egyptian Valley Phases 1 & 2)","Phoenix","Town of Queen Creek"]
[215,"Maricopa","Circle G at Queen Creek IV","Phoenix","Town of Queen Creek"]
[6,"Maricopa","Circle G at Queen Creek, Unit I","Phoenix","Town of Queen Creek"]
[39,"Maricopa","Circle G at Queen Creek, Unit II Lots 41-77","Phoenix","Town of Queen Creek"]
[74,"Maricopa","Circle G at Queen Creek, Unit II-A Lots 78-93","Phoenix","Town of Queen Creek"]
[141,"Maricopa","Circle G at Queen Creek, Unit III","Phoenix","Town of Queen Creek"]
[1196,"Maricopa","Citrus Acres","Phoenix","EPCOR Water Arizona Inc. (Arizona-American Water) - Agua Fria"]
[389,"Maricopa","Citrus Coves","Phoenix","Town of Queen Creek"]
[171,"Maricopa","Citrus Point","Phoenix","EPCOR Water Arizona Inc. (Arizona-American Water) - Sun City"]
[195,"Maricopa","Clearview Estates","Phoenix","Sunrise Water Co."]
[1124,"Maricopa","Cliffstone","Phoenix","Town of Queen Creek"]
[193,"Maricopa","Cloud Creek Ranch","Phoenix","Town of Queen Creek (H2O, Inc.)"]
[816,"Maricopa","Cloud Creek Ranch II","Phoenix","Town of Queen Creek (H2O, Inc.)"]
[583,"Maricopa","Coldwater Ranch","Phoenix","EPCOR Water Arizona Inc. (Arizona-American Water) - Agua Fria"]
[1099,"Maricopa","Coldwater Station Condominiums","Phoenix","Liberty Utilities (Litchfield Park Water & Sewer) - Corp."]
[472,"Maricopa","Colter Commons","Phoenix","Liberty Utilities (Litchfield Park Water & Sewer) - Corp."]
[948,"Maricopa","Copper Falls","Phoenix","City of Buckeye (Valencia) - Valencia"]
[869,"Maricopa","Corriente Condominiums","Phoenix","EPCOR Water Arizona Inc. (PV) - Paradise Valley"]
[700,"Maricopa","Cortessa Parcel 1","Phoenix","EPCOR Water Arizona Inc. (Arizona-American Water) - Agua Fria"]
[701,"Maricopa","Cortessa Parcel 10","Phoenix","EPCOR Water Arizona Inc. (Arizona-American Water) - Agua Fria"]
[699,"Maricopa","Cortessa Parcel 11","Phoenix","EPCOR Water Arizona Inc. (Arizona-American Water) - Agua Fria"]
[704,"Maricopa","Cortessa Parcel 16","Phoenix","EPCOR Water Arizona Inc. (Arizona-American Water) - Agua Fria"]
[703,"Maricopa","Cortessa Parcel 17","Phoenix","EPCOR Water Arizona Inc. (Arizona-American Water) - Agua Fria"]
[702,"Maricopa","Cortessa Parcel 18","Phoenix","EPCOR Water Arizona Inc. (Arizona-American Water) - Agua Fria"]
[697,"Maricopa","Cortessa Parcel 2","Phoenix","EPCOR Water Arizona Inc. (Arizona-American Water) - Agua Fria"]
[696,"Maricopa","Cortessa Parcel 3","Phoenix","EPCOR Water Arizona Inc. (Arizona-American Water) - Agua Fria"]
[695,"Maricopa","Cortessa Parcel 4","Phoenix","EPCOR Water Arizona Inc. (Arizona-American Water) - Agua Fria"]
[698,"Maricopa","Cortessa Parcel 5, 6, 9, 12, 13, 14, 15, 19, 21, 22","Phoenix","EPCOR Water Arizona Inc. (Arizona-American Water) - Agua Fria"]
[694,"Maricopa","Cortessa Parcel 7","Phoenix","EPCOR Water Arizona Inc. (Arizona-American Water) - Agua Fria"]
[693,"Maricopa","Cortessa Parcel 8","Phoenix","EPCOR Water Arizona Inc. (Arizona-American Water) - Agua Fria"]
[417,"Maricopa","Cortina","Phoenix","Town of Queen Creek"]
[934,"Maricopa","Cotton Meadows (A.K.A. Algodon)","Phoenix","City of Buckeye (Valencia) - Valencia"]
[848,"Maricopa","Cottonwood","Phoenix","City of Buckeye"]
[459,"Maricopa","Cottonwood Estates","Phoenix","EPCOR Water Arizona Inc. (Arizona-American Water) - Agua Fria"]
[303,"Maricopa","Country Park Estates","Phoenix","Town of Queen Creek"]
[940,"Maricopa","Coyote Ridge","Phoenix","City of Buckeye"]
[214,"Maricopa","Creek View Ranches","Phoenix","Town of Queen Creek"]
[646,"Maricopa","Crismon Heights","Phoenix","Town of Queen Creek"]
[640,"Maricopa","Crismon Meadows","Phoenix","Town of Queen Creek"]
[8,"Maricopa","Crismon Ranch Estates","Phoenix","Town of Queen Creek"]
[1284,"Maricopa","Crossriver Point","Phoenix","EPCOR Water Arizona Inc. (Arizona-American Water) - Agua Fria"]
[1340,"Maricopa","Crossriver Summit","Phoenix","EPCOR Water Arizona Inc. (Arizona-American Water) - Agua Fria"]
[622,"Maricopa","Crossriver Units 1-8","Phoenix","EPCOR Water Arizona Inc. (Arizona-American Water) - Agua Fria"]
[960,"Maricopa","Crystal Vista","Phoenix","City of Buckeye (Valencia) - Valencia"]
[54,"Maricopa","Dave Brown at West Point-Model Complex","Phoenix","EPCOR Water Arizona Inc. (Arizona-American Water) - Agua Fria"]
[32,"Maricopa","Deer Village","Phoenix","Rose Valley Water Company"]
[68,"Maricopa","Deer Village II","Phoenix","Rose Valley Water Company"]
[1204,"Maricopa","Desert Hills Ranch","Phoenix","Desert Hills Water Company"]
[958,"Maricopa","Desert Moon Estates","Phoenix","City of Buckeye (Valencia) - Valencia"]
[1376,"Maricopa","Diamond Court","Phoenix","Arizona Water Company - Apache Junction"]
[1158,"Maricopa","Dorada Estates (fka Vaquero Estates)","Phoenix","Town of Queen Creek"]
[650,"Maricopa","Dos Rios Unit One and Unit Two","Phoenix","EPCOR Water Arizona Inc. (Arizona-American Water) - Agua Fria"]
[373,"Maricopa","Dove Cove Estates","Phoenix","City of Buckeye (Valencia) - Valencia"]
[58,"Maricopa","Dove Valley Ranch Parcel 3","Phoenix","Rose Valley Water Company"]
[69,"Maricopa","Dove Valley Ranch Parcel 5","Phoenix","Rose Valley Water Company"]
[55,"Maricopa","Dove Valley Ranch Parcel 6","Phoenix","Rose Valley Water Company"]
[313,"Maricopa","Dreaming Summit Unit 1","Phoenix","Valley Utilities Water Company, Inc."]
[301,"Maricopa","Dreaming Summit Unit 2A Parcels 1, 2, 3","Phoenix","Liberty Utilities (Litchfield Park Water & Sewer) - Corp."]
[25,"Maricopa","Dreaming Summit Unit 2B","Phoenix","Liberty Utilities (Litchfield Park Water & Sewer) - Corp."]
[395,"Maricopa","Dreaming Summit Unit 3A Parcels 1-5; Unit 3B, Parcels 1-3","Phoenix","Liberty Utilities (Litchfield Park Water & Sewer) - Corp."]
[446,"Maricopa","Dysart Ranch","Phoenix","Valley Utilities Water Company, Inc."]
[642,"Maricopa","Dysart Village","Phoenix","Valley Utilities Water Company, Inc."]
[72,"Maricopa","Eagle Canyon","Phoenix","Sunrise Water Co."]
[924,"Maricopa","Eagle Ridge Estates","Phoenix","Sunrise Water Co."]
[1288,"Maricopa","Eastwood","Phoenix","Carefree Water Company"]
[279,"Maricopa","EDC Estates","Phoenix","Arizona Water Company - White Tanks"]
[1304,"Maricopa","El Mirage & Loop 303","Phoenix","EPCOR Water Arizona Inc. (Arizona-American Water) - Agua Fria"]
[936,"Maricopa","Elianto Village 1","Phoenix","City of Buckeye"]
[925,"Maricopa","Elianto Village 4","Phoenix","City of Buckeye"]
[877,"Maricopa","Ellsworth Ranch (FKA Circle G at Ellsworth Estates) AMENDED","Phoenix","Town of Queen Creek"]
[102,"Maricopa","Emans Estates","Phoenix","Town of Queen Creek"]
[964,"Maricopa","Emperor Estates IV","Phoenix","Town of Queen Creek"]
[460,"Maricopa","Emperor Estates Phase 1 and 2","Phoenix","Town of Queen Creek"]
[784,"Maricopa","Emperor Estates Phase 3","Phoenix","Town of Queen Creek"]
[1440,"Maricopa","Empire Pointe","Phoenix","Town of Queen Creek"]
[1366,"Maricopa","Encanta","Phoenix","City of Tolleson"]
[787,"Maricopa","Encantada Estates","Phoenix","City of Buckeye"]
[1317,"Maricopa","Enclave at Carefree","Phoenix","Carefree Water Company"]
[1170,"Maricopa","Estates at Carefree (FKA-Hawks Landing)","Phoenix","Carefree Water Company"]
[520,"Maricopa","Estates at Lakeside","Phoenix","Lake Pleasant Water Company"]
[3,"Maricopa","Estates North, Unit II","Phoenix","Desert Hills Water Company"]
[422,"Maricopa","Estrella Vista","Phoenix","Town of Queen Creek"]
[454,"Maricopa","Estrella Vista at Buckeye (Estrella Vista)","Phoenix","City of Buckeye (Valencia) - Valencia"]
[1316,"Maricopa","Falcon Ridge","Phoenix","Valley Utilities Water Company, Inc."]
[972,"Maricopa","Falcon View","Phoenix","Valley Utilities Water Company, Inc."]
[1292,"Maricopa","Falcon View II","Phoenix","Valley Utilities Water Company, Inc."]
[885,"Maricopa","Farallon","Phoenix","City of Buckeye"]
[913,"Maricopa","Festival Foothills","Phoenix","City of Buckeye"]
[1308,"Maricopa","Festival Foothills - Phase 3 - Unit 27, 29 & 31","Phoenix","City of Buckeye"]
[1199,"Maricopa","Festival Foothills Unit 25 (Phase 3)","Phoenix","City of Buckeye"]
[1180,"Maricopa","Festival Phase 1A","Phoenix","City of Buckeye"]
[1441,"Maricopa","Festival Ranch Planning Area 3 - PUP E Parcels 33, 35, 84 & 88","Phoenix","City of Buckeye"]
[1098,"Maricopa","Fireside at Sienna Hills (AMENDED)","Phoenix","EPCOR Water Arizona Inc. (Arizona-American Water) - Agua Fria"]
[805,"Maricopa","Fitzpatrick Ranch Unit I","Phoenix","EPCOR Water Arizona Inc. (Arizona-American Water) - Sun City West"]
[897,"Maricopa","Fitzpatrick Ranch Unit II","Phoenix","EPCOR Water Arizona Inc. (Arizona-American Water) - Sun City West"]
[1026,"Maricopa","Fitzpatrick Ranch Unit III","Phoenix","EPCOR Water Arizona Inc. (Arizona-American Water) - Sun City West"]
[1243,"Maricopa","Fulton Homes @ Queen Creek Station","Phoenix","Town of Queen Creek"]
[1455,"Maricopa","Fulton Homes at Prasada","Phoenix","EPCOR Water Arizona Inc. (Arizona-American Water) - Agua Fria"]
[1423,"Maricopa","Fulton Homes Enclave","Phoenix","Arizona Water Company - White Tanks"]
[1305,"Maricopa","Gateway Quarter (FKA Ellsworth and Germann - AMENDED)","Phoenix","Town of Queen Creek"]
[1412,"Maricopa","Glendale Ridge Estates","Phoenix","Valley Utilities Water Company, Inc."]
[1424,"Maricopa","Goodyear Civic Square Parcel  'A'  at Estrella Falls","Phoenix","Liberty Utilities (Litchfield Park Water & Sewer) - Corp."]
[1413,"Maricopa","Goodyear Civic Square Parcel B","Phoenix","Liberty Utilities (Litchfield Park Water & Sewer) - Corp."]
[1342,"Maricopa","Goodyear Planned Regional Center (GPRC) Parcel 12","Phoenix","Liberty Utilities (Litchfield Park Water & Sewer) - Corp."]
[501,"Maricopa","Goodyear Planned Regional Center Parcels 9, 10 & 11","Phoenix","Liberty Utilities (Litchfield Park Water & Sewer) - Corp."]
[975,"Maricopa","Granada Villas","Phoenix","Carefree Water Company"]
[228,"Maricopa","Granite Mountain Ranch","Phoenix","Global Water - Northern Scottsdale Water Company, Inc."]
[1265,"Maricopa","Granite Vista Phase 1A","Phoenix","EPCOR Water Arizona Inc. (Arizona-American Water) - Agua Fria"]
[1266,"Maricopa","Granite Vista Phase 1B","Phoenix","EPCOR Water Arizona Inc. (Arizona-American Water) - Agua Fria"]
[1273,"Maricopa","Granite Vista Phase 1C","Phoenix","EPCOR Water Arizona Inc. (Arizona-American Water) - Agua Fria"]
[1274,"Maricopa","Granite Vista Phase 1D","Phoenix","EPCOR Water Arizona Inc. (Arizona-American Water) - Agua Fria"]
[1321,"Maricopa","Granite Vista Phase 2E","Phoenix","EPCOR Water Arizona Inc. (Arizona-American Water) - Agua Fria"]
[1318,"Maricopa","Granite Vista Phase 2F","Phoenix","EPCOR Water Arizona Inc. (Arizona-American Water) - Agua Fria"]
[1326,"Maricopa","Granite Vista Phase 2G","Phoenix","EPCOR Water Arizona Inc. (Arizona-American Water) - Agua Fria"]
[1475,"Maricopa","Granite Vista Phase 2H","Phoenix","EPCOR Water Arizona Inc. (Arizona-American Water) - Agua Fria"]
[1476,"Maricopa","Granite Vista Phase 2I","Phoenix","EPCOR Water Arizona Inc. (Arizona-American Water) - Agua Fria"]
[1477,"Maricopa","Granite Vista Phase 2J","Phoenix","EPCOR Water Arizona Inc. (Arizona-American Water) - Agua Fria"]
[202,"Maricopa","Greenway Parc at Surprise Phase One and Two","Phoenix","EPCOR Water Arizona Inc. (Arizona-American Water) - Agua Fria"]
[220,"Maricopa","Greenway Parc at Surprise Three","Phoenix","EPCOR Water Arizona Inc. (Arizona-American Water) - Agua Fria"]
[335,"Maricopa","Greer Ranch","Phoenix","Desert Hills Water Company"]
[658,"Maricopa","Greer Ranch North","Phoenix","EPCOR Water Arizona Inc. (Arizona-American Water) - Agua Fria"]
[533,"Maricopa","Greer Ranch South","Phoenix","EPCOR Water Arizona Inc. (Arizona-American Water) - Agua Fria"]
[209,"Maricopa","H Bar H Estates","Phoenix","Chandler Heights Citrus Irrigation District"]
[798,"Maricopa","Happy Hollow Villas Condominium","Phoenix","Carefree Water Company"]
[333,"Maricopa","Happy Trails Resort No. 10","Phoenix","EPCOR Water Arizona Inc. (Arizona-American Water) - Agua Fria"]
[1267,"Maricopa","Happy Valley 40","Phoenix","Sunrise Water Co."]
[1338,"Maricopa","Harvest Queen Creek","Phoenix","Town of Queen Creek"]
[945,"Maricopa","Hastings Farms Parcel G","Phoenix","Town of Queen Creek (H2O, Inc.)"]
[957,"Maricopa","Hastings Farms Parcels A & B","Phoenix","Town of Queen Creek"]
[944,"Maricopa","Hastings Farms Parcels C, D, E, F, H, I, J, K, L","Phoenix","Town of Queen Creek"]
[1105,"Maricopa","Hayden Estates","Phoenix","City of Buckeye (Valencia) - Valencia"]
[1419,"Maricopa","Hayden Farms","Phoenix","EPCOR Water Arizona Inc. (Arizona-American Water) - Agua Fria"]
[1055,"Maricopa","Hendrix Point (Vista Montana)","Phoenix","Arizona Water Company - Apache Junction"]
[1356,"Maricopa","Heritage Farm","Phoenix","EPCOR Water Arizona Inc. (Arizona-American Water) - Agua Fria"]
[1335,"Maricopa","Heritage Square","Phoenix","Town of Queen Creek"]
[1183,"Maricopa","Hidden Canyon","Phoenix","Town of Cave Creek"]
[1417,"Maricopa","Hidden Paradise Estates","Phoenix","Sunrise Water Co."]
[1153,"Maricopa","Hidden Rock at Cave Creek (Estates at Shimaa-Ni)","Phoenix","Town of Cave Creek"]
[51,"Maricopa","Homes by Dave Brown at West Point","Phoenix","EPCOR Water Arizona Inc. (Arizona-American Water) - Agua Fria"]
[1208,"Maricopa","Howe Industrial Park","Phoenix","Town of Queen Creek"]
[316,"Maricopa","Hunter Field Estates","Phoenix","Rose Valley Water Company"]
[645,"Maricopa","Indigo Trails","Phoenix","Town of Queen Creek"]
[1035,"Maricopa","Invergordon Manor","Phoenix","EPCOR Water Arizona Inc. (PV) - Paradise Valley"]
[1358,"Maricopa","Ironwood Golf Villas","Phoenix","Berneil Water Company"]
[331,"Maricopa","Ironwood Vista","Phoenix","City of Buckeye"]
[1449,"Maricopa","Jackrabbit Crossing","Phoenix","Arizona Water Company - White Tanks"]
[728,"Maricopa","Jackrabbit Estates (Arroyo Mountain Estates)","Phoenix","EPCOR Water Arizona Inc. (Arizona-American Water) - Agua Fria"]
[1446,"Maricopa","Jackrabbit Ranch Marketplace","Phoenix","Arizona Water Company - White Tanks"]
[376,"Maricopa","Jackrabbit Trails","Phoenix","Arizona Water Company - White Tanks"]
[1431,"Maricopa","Jorde Farms - Phase 1","Phoenix","Town of Queen Creek"]
[1499,"Maricopa","Jorde Farms - Phase 2","Phoenix","Town of Queen Creek"]
[367,"Maricopa","Judson Estates","Phoenix","EPCOR Water Arizona Inc. (PV) - Paradise Valley"]
[1394,"Maricopa","K. Hovnanian's Four Seasons at Sun City West","Phoenix","EPCOR Water Arizona Inc. (Arizona-American Water) - Sun City West"]
[67,"Maricopa","Kaufman & Broad at West Point","Phoenix","EPCOR Water Arizona Inc. (Arizona-American Water) - Agua Fria"]
[29,"Maricopa","Kingswood Parke Phase One Parcels 8, 9, 10, 11, 12A and 13","Phoenix","EPCOR Water Arizona Inc. (Arizona-American Water) - Agua Fria"]
[943,"Maricopa","La Jara Estates (Encanto Este)","Phoenix","Arizona Water Company - Apache Junction"]
[939,"Maricopa","La Jara Farms","Phoenix","Town of Queen Creek"]
[1287,"Maricopa","La Loma Residential","Phoenix","Liberty Utilities (Litchfield Park Water & Sewer) - Corp."]
[692,"Maricopa","La Posada together with Montelucia Oasis Suites & Cabana Casitas Condominium","Phoenix","EPCOR Water Arizona Inc. (PV) - Paradise Valley"]
[321,"Maricopa","La Sentiero (Rittenhouse Ranch on the Creek)","Phoenix","Town of Queen Creek (H2O, Inc.)"]
[579,"Maricopa","Langley Gateway Estates Unit II","Phoenix","Town of Queen Creek"]
[1401,"Maricopa","Las Casas at Windrose","Phoenix","EPCOR Water Arizona Inc. (Arizona-American Water) - Agua Fria"]
[231,"Maricopa","Legacy Parc","Phoenix","EPCOR Water Arizona Inc. (Arizona-American Water) - Agua Fria"]
[1481,"Maricopa","Legacy Trails","Phoenix","City of Buckeye"]
[1372,"Maricopa","Legado - Phase 1","Phoenix","Town of Queen Creek"]
[1463,"Maricopa","Legado - Phase 2 & 3","Phoenix","Town of Queen Creek"]
[1484,"Maricopa","Legado West","Phoenix","Town of Queen Creek"]
[1443,"Maricopa","Light Sky Ranch - Phase 1 and Phase 2","Phoenix","Town of Queen Creek"]
[16,"Maricopa","Lincoln at Tatum Subdivision","Phoenix","EPCOR Water Arizona Inc. (PV) - Paradise Valley"]
[19,"Maricopa","Lincoln Place","Phoenix","EPCOR Water Arizona Inc. (PV) - Paradise Valley"]
[130,"Maricopa","Litchfield Farms (Vista Mountain Estates)","Phoenix","Arizona Water Company - White Tanks"]
[415,"Maricopa","Litchfield Farms IIA","Phoenix","Arizona Water Company - White Tanks"]
[416,"Maricopa","Litchfield Farms IIB","Phoenix","Arizona Water Company - White Tanks"]
[112,"Maricopa","Litchfield Heights Unit I","Phoenix","Arizona Water Company - White Tanks"]
[187,"Maricopa","Litchfield Heights Unit II","Phoenix","Arizona Water Company - White Tanks"]
[204,"Maricopa","Litchfield Heights Unit III","Phoenix","Arizona Water Company - White Tanks"]
[218,"Maricopa","Litchfield Heights Unit IV","Phoenix","Arizona Water Company - White Tanks"]
[887,"Maricopa","Litchfield Park Subdivision 4B","Phoenix","Liberty Utilities (Litchfield Park Water & Sewer) - Corp."]
[772,"Maricopa","Litchfield Park Villas, A Condominium","Phoenix","Liberty Utilities (Litchfield Park Water & Sewer) - Corp."]
[97,"Maricopa","Litchfield Vista Views III","Phoenix","Tierra Buena Water Company"]
[95,"Maricopa","Litchfields Subdivision","Phoenix","EPCOR Water Arizona Inc. (Arizona-American Water) - Agua Fria"]
[1228,"Maricopa","Longtail Run","Phoenix","EPCOR Water Arizona Inc. (PV) - Paradise Valley"]
[915,"Maricopa","Lucia at Queen Creek","Phoenix","Town of Queen Creek"]
[1353,"Maricopa","Luke Land 58","Phoenix","Liberty Utilities (Litchfield Park Water & Sewer) - Corp."]
[1344,"Maricopa","Luke Landing","Phoenix","Liberty Utilities (Litchfield Park Water & Sewer) - Corp."]
[547,"Maricopa","Luke Ranch Estates","Phoenix","Valley Utilities Water Company, Inc."]
[1352,"Maricopa","Madera Phase 1","Phoenix","Town of Queen Creek (H2O, Inc.)"]
[1430,"Maricopa","Madera Phase 2A and 2B","Phoenix","Town of Queen Creek (H2O, Inc.)"]
[1473,"Maricopa","Madera Phase 3A and Phase 3B","Phoenix","Town of Queen Creek (H2O, Inc.)"]
[1135,"Maricopa","Madera West Estates (FKA Barney Park Estates)","Phoenix","Town of Queen Creek"]
[1403,"Maricopa","Malone Place Parke - Parcel 2","Phoenix","Town of Queen Creek (H2O, Inc.)"]
[1393,"Maricopa","Malone Place Parke-Parcels 1 & 3","Phoenix","Town of Queen Creek (H2O, Inc.)"]
[1333,"Maricopa","Marbella Ranch - Parcel 2 - Phase 2","Phoenix","Liberty Utilities (Litchfield Park Water & Sewer) - Corp."]
[1370,"Maricopa","Marbella Ranch - Parcel 3","Phoenix","Liberty Utilities (Litchfield Park Water & Sewer) - Corp."]
[1378,"Maricopa","Marbella Ranch North","Phoenix","Liberty Utilities (Litchfield Park Water & Sewer) - Corp."]
[1312,"Maricopa","Marbella Ranch Parcel 1","Phoenix","Liberty Utilities (Litchfield Park Water & Sewer) - Corp."]
[1309,"Maricopa","Marbella Ranch Parcel 2 - Phase One","Phoenix","Liberty Utilities (Litchfield Park Water & Sewer) - Corp."]
[1365,"Maricopa","Marbella Ranch Parcel 4","Phoenix","Liberty Utilities (Litchfield Park Water & Sewer) - Corp."]
[1130,"Maricopa","Maryland Estates (AKA Maryland Ridge Estates)","Phoenix","Valley Utilities Water Company, Inc."]
[1456,"Maricopa","Mayfield","Phoenix","City of Buckeye (Valencia) - Valencia"]
[675,"Maricopa","Melton Ranch II","Phoenix","Sunrise Water Co."]
[194,"Maricopa","Mercy Manor","Phoenix","City of Tolleson"]
[7,"Maricopa","Meridian Hills","Phoenix","Arizona Water Company - Apache Junction"]
[262,"Maricopa","Merrill Ranch","Phoenix","Arizona Water Company - Apache Junction"]
[1466,"Maricopa","Mickey 40","Phoenix","Town of Queen Creek"]
[1005,"Maricopa","Miller Buckeye 80 (AKA Miller 60)","Phoenix","City of Buckeye (Valencia) - Valencia"]
[529,"Maricopa","Miller Manor Phase 1","Phoenix","City of Buckeye (Valencia) - Valencia"]
[637,"Maricopa","Miller Manor Phase 2 and 3","Phoenix","City of Buckeye (Valencia) - Valencia"]
[909,"Maricopa","Miller Park","Phoenix","City of Buckeye (Valencia) - Valencia"]
[1190,"Maricopa","Mirielle, Phase 1A","Phoenix","City of Buckeye"]
[401,"Maricopa","Montana De Oro Ranch (Camino de Oro Ranch)","Phoenix","Sunrise Water Co."]
[227,"Maricopa","Montana Farms","Phoenix","EPCOR Water Arizona Inc. (Arizona-American Water) - Agua Fria"]
[400,"Maricopa","Montana Farms II","Phoenix","EPCOR Water Arizona Inc. (Arizona-American Water) - Agua Fria"]
[966,"Maricopa","Montana Vista","Phoenix","City of Buckeye (Greater Buckeye) - Water Utility of Greater Buckeye"]
[498,"Maricopa","Montana Vista","Phoenix","City of Buckeye (Valencia) - Valencia"]
[1152,"Maricopa","Monte Verde Parcels 1.1, 2.1, 2.2, 2.3, 2.4, 2.5, and 3.9","Phoenix","City of Buckeye (Valencia) - Valencia"]
[566,"Maricopa","Montelena","Phoenix","Town of Queen Creek"]
[859,"Maricopa","Montelucia Oasis Suites II  A Condominium (La Posada II)","Phoenix","EPCOR Water Arizona Inc. (PV) - Paradise Valley"]
[1146,"Maricopa","Monument Point Business Park","Phoenix","Liberty Utilities (Litchfield Park Water & Sewer) - Corp."]
[1145,"Maricopa","Mountain Ridge Views","Phoenix","Sunrise Water Co."]
[1252,"Maricopa","Mountain Shadows Resort (AMENDED)","Phoenix","EPCOR Water Arizona Inc. (PV) - Paradise Valley"]
[1244,"Maricopa","Mountain Shadows Resort Estates","Phoenix","EPCOR Water Arizona Inc. (PV) - Paradise Valley"]
[709,"Maricopa","Mountain View Estates","Phoenix","City of Buckeye"]
[1379,"Maricopa","Mountain View South","Phoenix","City of Buckeye"]
[1074,"Maricopa","Mystic Vista","Phoenix","City of Buckeye (Valencia) - Valencia"]
[921,"Maricopa","Nauvoo Station (Emperor Estates)","Phoenix","Town of Queen Creek"]
[342,"Maricopa","Norte Vista","Phoenix","City of Buckeye"]
[1409,"Maricopa","North Copper Canyon Parcels 1.1 and 1.2 (AKA Austin Ranch MDR-Phase 1)","Phoenix","Liberty Utilities (Beardsley Water) Corp."]
[36,"Maricopa","North Copper Canyon Parcels 2, 3, and 4 (FKA Pinnacle West Ranch, Phase One)  AMENDED","Phoenix","Liberty Utilities (Beardsley Water) Corp."]
[1491,"Maricopa","North Copper Canyon Village Phase 2","Phoenix","Liberty Utilities (Beardsley Water) Corp."]
[1371,"Maricopa","Northern Crossing","Phoenix","EPCOR Water Arizona Inc. (Arizona-American Water) - Agua Fria"]
[1373,"Maricopa","Northern Farms","Phoenix","EPCOR Water Arizona Inc. (Arizona-American Water) - Agua Fria"]
[185,"Maricopa","Northwest Ranch","Phoenix","EPCOR Water Arizona Inc. (Arizona-American Water) - Agua Fria"]
[1236,"Maricopa","Ocotillo Heights Phase II","Phoenix","Town of Queen Creek"]
[320,"Maricopa","Ocotillo Heights, Phase I (Ocotillo Heights)","Phoenix","Town of Queen Creek"]
[764,"Maricopa","Ocotillo Landing","Phoenix","Town of Queen Creek"]
[1420,"Maricopa","Olive Avenue and Cotton Lane","Phoenix","EPCOR Water Arizona Inc. (Arizona-American Water) - Agua Fria"]
[1375,"Maricopa","Orangewood (AKA Caleda at Toll Brothers)","Phoenix","Town of Queen Creek (H2O, Inc.)"]
[1487,"Maricopa","Orchard Cove","Phoenix","Town of Queen Creek"]
[224,"Maricopa","Orchard Ranchettes II, Phase A","Phoenix","Town of Queen Creek"]
[351,"Maricopa","Orchard Ranchettes II, Phase B, C & D","Phoenix","Town of Queen Creek"]
[495,"Maricopa","Orchard Ranchettes lll, Phase A and B","Phoenix","Town of Queen Creek"]
[37,"Maricopa","Orchard Ranchettes Phase 1 & 2","Phoenix","Town of Queen Creek"]
[840,"Maricopa","Painted Rock","Phoenix","City of Buckeye"]
[269,"Maricopa","Palm Valley Parcel 17A & 17B","Phoenix","Liberty Utilities (Litchfield Park Water & Sewer) - Corp."]
[53,"Maricopa","Palm Valley Parcel 4","Phoenix","Liberty Utilities (Litchfield Park Water & Sewer) - Corp."]
[229,"Maricopa","Palm Valley Phase I, Parcel 12","Phoenix","Liberty Utilities (Litchfield Park Water & Sewer) - Corp."]
[390,"Maricopa","Palm Valley Phase II, Parcel 1","Phoenix","Liberty Utilities (Litchfield Park Water & Sewer) - Corp."]
[392,"Maricopa","Palm Valley Phase II, Parcel 10","Phoenix","Liberty Utilities (Litchfield Park Water & Sewer) - Corp."]
[443,"Maricopa","Palm Valley Phase II, Parcel 2","Phoenix","Liberty Utilities (Litchfield Park Water & Sewer) - Corp."]
[445,"Maricopa","Palm Valley Phase II, Parcel 24 (Condominium)","Phoenix","Liberty Utilities (Litchfield Park Water & Sewer) - Corp."]
[232,"Maricopa","Palm Valley Phase II, Parcel 5 (Palm Valley IIIA, Parcel 5) (Villagio)","Phoenix","Liberty Utilities (Litchfield Park Water & Sewer) - Corp."]
[391,"Maricopa","Palm Valley Phase II, Parcel 6","Phoenix","Liberty Utilities (Litchfield Park Water & Sewer) - Corp."]
[444,"Maricopa","Palm Valley Phase II, Parcel 7","Phoenix","Liberty Utilities (Litchfield Park Water & Sewer) - Corp."]
[170,"Maricopa","Palm Valley Phase IIIA","Phoenix","Liberty Utilities (Litchfield Park Water & Sewer) - Corp."]
[292,"Maricopa","Palm Valley Phase IIIB together with Wigwam Commons Commercial Condominiums","Phoenix","Liberty Utilities (Litchfield Park Water & Sewer) - Corp."]
[1154,"Maricopa","Palm Valley Phase IX together with The Cove at Palm Valley North","Phoenix","Liberty Utilities (Litchfield Park Water & Sewer) - Corp."]
[660,"Maricopa","Palm Valley Phase V, Parcels 1-22","Phoenix","Liberty Utilities (Litchfield Park Water & Sewer) - Corp."]
[1119,"Maricopa","Palm Valley Phase VI, Perimeter West","Phoenix","Liberty Utilities (Litchfield Park Water & Sewer) - Corp."]
[886,"Maricopa","Palm Valley Phase VIII, North Parcel","Phoenix","Liberty Utilities (Litchfield Park Water & Sewer) - Corp."]
[875,"Maricopa","Palm Valley Phase VIII, South Parcel","Phoenix","Liberty Utilities (Litchfield Park Water & Sewer) - Corp."]
[1364,"Maricopa","Palmeraie","Phoenix","EPCOR Water Arizona Inc. (PV) - Paradise Valley"]
[1331,"Maricopa","Palo Verde Lane","Phoenix","EPCOR Water Arizona Inc. (PV) - Paradise Valley"]
[1147,"Maricopa","Paloma Estates","Phoenix","Clearwater Utilities Company, Inc."]
[978,"Maricopa","Paloma Vista","Phoenix","Arizona Water Company - White Tanks"]
[457,"Maricopa","Paradise View Villas Condominiums","Phoenix","EPCOR Water Arizona Inc. (PV) - Paradise Valley"]
[732,"Maricopa","Park Place Condominiums","Phoenix","EPCOR Water Arizona Inc. (Arizona-American Water) - Agua Fria"]
[75,"Maricopa","Parke Row","Phoenix","EPCOR Water Arizona Inc. (Arizona-American Water) - Agua Fria"]
[374,"Maricopa","Parkman Ranch","Phoenix","Arizona Water Company - White Tanks"]
[725,"Maricopa","ParkPlace at Buckeye","Phoenix","City of Buckeye"]
[358,"Maricopa","Parkside at Buckeye","Phoenix","City of Buckeye"]
[192,"Maricopa","Parkview Casitas (Townhomes)","Phoenix","City of Tolleson"]
[1101,"Maricopa","Parkview Place Senior Village (Bellazano Condominium)","Phoenix","EPCOR Water Arizona Inc. (Arizona-American Water) - Agua Fria"]
[137,"Maricopa","Parkwood East","Phoenix","Arizona Water Company - Apache Junction"]
[138,"Maricopa","Parkwood East II","Phoenix","Arizona Water Company - Apache Junction"]
[1058,"Maricopa","Paseo de Pecans","Phoenix","Town of Queen Creek"]
[169,"Maricopa","Pasqualetti Mountain Ranch (Mountain Ranch)","Phoenix","Arizona Water Company - White Tanks"]
[421,"Maricopa","Patton Place Estates","Phoenix","Liberty Utilities (Beardsley Water) Corp."]
[641,"Maricopa","Patton Place Estates Unit 6","Phoenix","Liberty Utilities (Beardsley Water) Corp."]
[502,"Maricopa","Patton Place Estates Unit III","Phoenix","Liberty Utilities (Beardsley Water) Corp."]
[527,"Maricopa","Patton Place Estates Unit IV","Phoenix","Liberty Utilities (Beardsley Water) Corp."]
[557,"Maricopa","Patton Place Estates Unit V","Phoenix","Liberty Utilities (Beardsley Water) Corp."]
[450,"Maricopa","Peak View Ranch","Phoenix","Liberty Utilities (Beardsley Water) Corp."]
[571,"Maricopa","Peak View Ranch Units 2 & 3","Phoenix","Liberty Utilities (Beardsley Water) Corp."]
[205,"Maricopa","PebbleCreek Unit 25","Phoenix","Liberty Utilities (Litchfield Park Water & Sewer) - Corp."]
[275,"Maricopa","PebbleCreek Units 26-30","Phoenix","Liberty Utilities (Litchfield Park Water & Sewer) - Corp."]
[304,"Maricopa","PebbleCreek Units 31-65 w/Golf Course","Phoenix","Liberty Utilities (Litchfield Park Water & Sewer) - Corp."]
[1207,"Maricopa","Pecan Cove","Phoenix","Town of Queen Creek"]
[1191,"Maricopa","Pegasus Airpark Unit Five","Phoenix","Town of Queen Creek"]
[733,"Maricopa","Pegasus Airpark Units 3 and 4","Phoenix","Town of Queen Creek"]
[322,"Maricopa","Pegasus Airpark, Unit 1","Phoenix","Town of Queen Creek"]
[522,"Maricopa","Pegasus Airpark, Unit II","Phoenix","Town of Queen Creek"]
[912,"Maricopa","Perryville Broadway","Phoenix","City of Buckeye"]
[461,"Maricopa","Phase 1, Pleasant Valley Country Club w/Golf Course","Phoenix","EPCOR Water Arizona Inc. (Arizona-American Water) - Agua Fria"]
[565,"Maricopa","Phase 2, Corte Bella Country Club","Phoenix","EPCOR Water Arizona Inc. (Arizona-American Water) - Agua Fria"]
[811,"Maricopa","Phase 3, Corte Bella Country Club","Phoenix","EPCOR Water Arizona Inc. (Arizona-American Water) - Agua Fria"]
[1368,"Maricopa","Picket Post (AKA Estates at Picket Post)","Phoenix","Town of Queen Creek"]
[81,"Maricopa","Pinnacle Estates (Calle Lejos Estates)","Phoenix","Sunrise Water Co."]
[1185,"Maricopa","Power and Riggs Center","Phoenix","Town of Queen Creek"]
[1486,"Maricopa","Power and Via Del Oro","Phoenix","Town of Queen Creek"]
[1173,"Maricopa","Prasada by Fulton Homes Parcels 1-8","Phoenix","EPCOR Water Arizona Inc. (Arizona-American Water) - Agua Fria"]
[62,"Maricopa","Primrose Estates, Phase I & II (Primrose Estates, Phase I, II, & III)","Phoenix","City of Buckeye (Greater Buckeye) - Water Utility of Greater Buckeye"]
[1241,"Maricopa","Quail Creek","Phoenix","Town of Queen Creek"]
[1485,"Maricopa","Queen Creek 14","Phoenix","Town of Queen Creek"]
[942,"Maricopa","Queen Creek Equestrian Estates","Phoenix","Town of Queen Creek"]
[168,"Maricopa","Queen Creek Ranch Estates","Phoenix","Town of Queen Creek"]
[110,"Maricopa","Queen Creek Ranchettes III","Phoenix","Town of Queen Creek"]
[255,"Maricopa","Queenland Manor","Phoenix","Town of Queen Creek"]
[1050,"Maricopa","Rainbow Ranch","Phoenix","City of Buckeye"]
[414,"Maricopa","Rainbow Valley Ranch","Phoenix","Clearwater Utilities Company, Inc."]
[1297,"Maricopa","Rancho Cabrillo - Parcel \"H\"","Phoenix","EPCOR Water Arizona Inc. (Arizona-American Water) - Agua Fria"]
[1248,"Maricopa","Rancho Cabrillo - Parcels C & P","Phoenix","EPCOR Water Arizona Inc. (Arizona-American Water) - Agua Fria"]
[852,"Maricopa","Rancho Cabrillo -Parcel \"E\"","Phoenix","EPCOR Water Arizona Inc. (Arizona-American Water) - Agua Fria"]
[1327,"Maricopa","Rancho Cabrillo Parcel \"L\" and Phase 1 of Parcel \"K\"","Phoenix","EPCOR Water Arizona Inc. (Arizona-American Water) - Agua Fria"]
[1415,"Maricopa","Rancho Cabrillo Parcel G, Q, & U - Phase 1 and 2","Phoenix","EPCOR Water Arizona Inc. (Arizona-American Water) - Agua Fria"]
[1416,"Maricopa","Rancho Cabrillo Parcel I & V - Phase 1 and Phase 2","Phoenix","EPCOR Water Arizona Inc. (Arizona-American Water) - Agua Fria"]
[531,"Maricopa","Rancho Cabrillo Parcels A, B, D & F","Phoenix","EPCOR Water Arizona Inc. (Arizona-American Water) - Agua Fria"]
[1134,"Maricopa","Rancho Maria","Phoenix","West End Water Company"]
[624,"Maricopa","Rancho Silverado Units 1 & 2","Phoenix","EPCOR Water Arizona Inc. (Arizona-American Water) - Agua Fria"]
[1036,"Maricopa","Rancho Valencia","Phoenix","EPCOR Water Arizona Inc. (PV) - Paradise Valley"]
[386,"Maricopa","Rancho Vista","Phoenix","City of Buckeye (Valencia) - Valencia"]
[2,"Maricopa","Ranchos Hacienda De Caballos Phase 1","Phoenix","Town of Queen Creek"]
[12,"Maricopa","Ranchos Hacienda De Caballos Phase II Lots 17-24","Phoenix","Town of Queen Creek"]
[1482,"Maricopa","Regent Hills - Phase 2","Phoenix","EPCOR Water Arizona Inc. (Arizona-American Water) - Agua Fria"]
[1432,"Maricopa","Re-Plat of Lot 2 of Rancho Trugold","Phoenix","EPCOR Water Arizona Inc. (Arizona-American Water) - Agua Fria"]
[504,"Maricopa","Riata West","Phoenix","City of Buckeye (Valencia) - Valencia"]
[1346,"Maricopa","Ridgeview","Phoenix","EPCOR Water Arizona Inc. (Arizona-American Water) - Sun City"]
[332,"Maricopa","Rio Mountain Estates","Phoenix","Global Water - Northern Scottsdale Water Company, Inc."]
[817,"Maricopa","Rio Rancho Estates North, Parcels 1, 2 & 5 and Rio Rancho Estates South Parcel 6","Phoenix","Liberty Utilities (Beardsley Water) Corp."]
[623,"Maricopa","Rio Sierra","Phoenix","EPCOR Water Arizona Inc. (Arizona-American Water) - Agua Fria"]
[135,"Maricopa","Rio Verde Estates","Phoenix","Rio Verde Utilities, Inc."]
[1286,"Maricopa","Rittenhouse Ranch","Phoenix","Town of Queen Creek"]
[1178,"Maricopa","Ritz-Carlton Resort (7000 East Lincoln)","Phoenix","EPCOR Water Arizona Inc. (PV) - Paradise Valley"]
[893,"Maricopa","Riverwalk","Phoenix","Sunrise Water Co."]
[1128,"Maricopa","Riverwalk (Riverwalk Village Phase 1 Condominiums Phase II and Phase III-Retail)","Phoenix","EPCOR Water Arizona Inc. (Arizona-American Water) - Sun City"]
[201,"Maricopa","Roman Estates Phase 4","Phoenix","Town of Queen Creek"]
[293,"Maricopa","Roman Estates Phase 6","Phoenix","Town of Queen Creek"]
[133,"Maricopa","Roman Estates Phase I & II","Phoenix","Town of Queen Creek"]
[287,"Maricopa","Roman Estates, Phase 3","Phoenix","Town of Queen Creek"]
[792,"Maricopa","Roman Estates, Phases V & VII","Phoenix","Town of Queen Creek"]
[1276,"Maricopa","Rosewood Grove","Phoenix","Town of Queen Creek"]
[368,"Maricopa","Russell Ranch (along with Azure Canyon Parcels 3&4)","Phoenix","EPCOR Water Arizona Inc. (Arizona-American Water) - Agua Fria"]
[1392,"Maricopa","Ryder Ranch","Phoenix","EPCOR Water Arizona Inc. (Arizona-American Water) - Agua Fria"]
[66,"Maricopa","Ryland Homes at West Point and Ryland Homes Model Complex at West Point","Phoenix","EPCOR Water Arizona Inc. (Arizona-American Water) - Agua Fria"]
[532,"Maricopa","Saddlewood","Phoenix","Town of Queen Creek"]
[172,"Maricopa","Saddlewood Estates (Ranchos Paseo de Caballos)","Phoenix","Town of Queen Creek"]
[1148,"Maricopa","Saddlewood Estates Phase II","Phoenix","Town of Queen Creek"]
[1426,"Maricopa","Saddlewood West (FKA - 188th Street & Cloud Road)","Phoenix","Town of Queen Creek"]
[864,"Maricopa","Sagewood (Sundance Parcel 48)","Phoenix","City of Buckeye"]
[277,"Maricopa","Sagewood I","Phoenix","Arizona Water Company - Apache Junction"]
[278,"Maricopa","Sagewood II","Phoenix","Arizona Water Company - Apache Junction"]
[357,"Maricopa","Salerno Ranch","Phoenix","Arizona Water Company - Apache Junction"]
[180,"Maricopa","Salida Del Sol","Phoenix","Sunrise Water Co."]
[1078,"Maricopa","San Madera","Phoenix","City of Buckeye (Valencia) - Valencia"]
[59,"Maricopa","San Marqui Estates","Phoenix","Town of Queen Creek"]
[260,"Maricopa","San Tan Vistas Ranch","Phoenix","Town of Queen Creek"]
[247,"Maricopa","Santan Vista Phases 1, 2, and 3","Phoenix","Pima Utility Company"]
[250,"Maricopa","Santan Vista Phases 1, 2, and 3 (RWCD)","Phoenix","Roosevelt Water Conservation District"]
[615,"Maricopa","Sarah Ann Ranch","Phoenix","EPCOR Water Arizona Inc. (Arizona-American Water) - Agua Fria"]
[403,"Maricopa","Sarival Farms Phase 1","Phoenix","Adaman Mutual Water Company"]
[438,"Maricopa","Sarival Farms Phase 2","Phoenix","Adaman Mutual Water Company"]
[580,"Maricopa","Savannah","Phoenix","EPCOR Water Arizona Inc. (Arizona-American Water) - Agua Fria"]
[872,"Maricopa","Seasons at Riverside (Riverside Estates)","Phoenix","Valley Utilities Water Company, Inc."]
[1483,"Maricopa","SEC Yuma Road & Dean Road","Phoenix","City of Buckeye"]
[1006,"Maricopa","Sedella","Phoenix","EPCOR Water Arizona Inc. (Arizona-American Water) - Agua Fria"]
[1359,"Maricopa","Siena Estates","Phoenix","EPCOR Water Arizona Inc. (PV) - Paradise Valley"]
[494,"Maricopa","Sienna Condominiums","Phoenix","EPCOR Water Arizona Inc. (PV) - Paradise Valley"]
[1234,"Maricopa","Sienna Hills, Parcels 4 North and 7A North","Phoenix","EPCOR Water Arizona Inc. (Arizona-American Water) - Agua Fria"]
[439,"Maricopa","Sierra Montana Phase 1","Phoenix","EPCOR Water Arizona Inc. (Arizona-American Water) - Agua Fria"]
[1258,"Maricopa","Sierra Montana Phase 1 North Parcel \"G\"","Phoenix","EPCOR Water Arizona Inc. (Arizona-American Water) - Agua Fria"]
[506,"Maricopa","Sierra Montana Phase 2 (Parcels 1-6)","Phoenix","EPCOR Water Arizona Inc. (Arizona-American Water) - Agua Fria"]
[908,"Maricopa","Siesta Lago Estates","Phoenix","City of Buckeye"]
[1250,"Maricopa","Signal Butte Estates","Phoenix","Arizona Water Company - Apache Junction"]
[225,"Maricopa","Signal Butte Manor","Phoenix","Arizona Water Company - Apache Junction"]
[251,"Maricopa","Signal Butte Manor II","Phoenix","Arizona Water Company - Apache Junction"]
[381,"Maricopa","Signal Butte Manor III","Phoenix","Arizona Water Company - Apache Junction"]
[894,"Maricopa","Silver Canyon Ranch Units I & II","Phoenix","Sunrise Water Co."]
[179,"Maricopa","Silvercrest at Treasure Canyon","Phoenix","Sunrise Water Co."]
[290,"Maricopa","Silverwood (Silverwood Units I & II)","Phoenix","Arizona Water Company - Apache Junction"]
[295,"Maricopa","Softwinds Desert View Estates","Phoenix","Desert Hills Water Company"]
[1253,"Maricopa","Solare Ranch","Phoenix","Valley Utilities Water Company, Inc."]
[337,"Maricopa","Sonoqui Creek Ranch Phase 1 (The Equestrian)","Phoenix","Town of Queen Creek"]
[339,"Maricopa","Sonoqui Creek Ranch Phase 2 (San Tan Vistas)","Phoenix","Town of Queen Creek"]
[338,"Maricopa","Sonoqui Creek Ranch Phase 3 (The Meadows)","Phoenix","Town of Queen Creek"]
[1107,"Maricopa","Sonoqui Creek Village AKA Whitewing at Whisper Ranch (fka Broadland Estates @ Riggs)","Phoenix","Town of Queen Creek"]
[1070,"Maricopa","Sonoran Heights (CAWS Denied)","Phoenix","City of Buckeye"]
[329,"Maricopa","Sonoran Ridge Estates Unit 1","Phoenix","City of Buckeye (Greater Buckeye) - Water Utility of Greater Buckeye"]
[398,"Maricopa","Sonoran Ridge Estates Unit 2","Phoenix","City of Buckeye (Greater Buckeye) - Water Utility of Greater Buckeye"]
[449,"Maricopa","Sonoran Ridge Estates Unit 3 and Unit 4 (FKA Sonoran Ridge Estates Unit 3)","Phoenix","City of Buckeye (Greater Buckeye) - Water Utility of Greater Buckeye"]
[543,"Maricopa","Sonoran Vista","Phoenix","City of Buckeye (Valencia) - Valencia"]
[959,"Maricopa","Sonterra","Phoenix","Chandler Heights Citrus Irrigation District"]
[306,"Maricopa","Sossaman Estates","Phoenix","Town of Queen Creek"]
[1081,"Maricopa","Sossaman Estates III Phase A","Phoenix","Town of Queen Creek"]
[31,"Maricopa","South Creek Ranch","Phoenix","Town of Queen Creek"]
[1290,"Maricopa","South Gate at Canyon Ridge West","Phoenix","EPCOR Water Arizona Inc. (Arizona-American Water) - Sun City"]
[366,"Maricopa","Southwest Desert Estates","Phoenix","Clearwater Utilities Company, Inc."]
[906,"Maricopa","Southwest Desert Estates Two","Phoenix","Clearwater Utilities Company, Inc."]
[1402,"Maricopa","Spur Cross - Parcel 1","Phoenix","Town of Queen Creek (H2O, Inc.)"]
[1313,"Maricopa","Spur Cross - Phase 1","Phoenix","Town of Queen Creek (H2O, Inc.)"]
[1320,"Maricopa","Spur Cross - Phase 2","Phoenix","Town of Queen Creek (H2O, Inc.)"]
[1075,"Maricopa","Stagecreek Estates","Phoenix","Carefree Water Company"]
[437,"Maricopa","Starlight Canyon","Phoenix","Sunrise Water Co."]
[1470,"Maricopa","Stonebridge Manor","Phoenix","EPCOR Water Arizona Inc. (Arizona-American Water) - Agua Fria"]
[1404,"Maricopa","Stonefield","Phoenix","EPCOR Water Arizona Inc. (Arizona-American Water) - Agua Fria"]
[234,"Maricopa","Summit at Sunrise Mountain","Phoenix","Sunrise Water Co."]
[1442,"Maricopa","Sun City Festival - Parcel AA1","Phoenix","City of Buckeye"]
[1200,"Maricopa","Sun City Festival Parcels L1-2, HH, II and JJ","Phoenix","City of Buckeye"]
[581,"Maricopa","Sun City Festival Phase 1 w/Golf Course","Phoenix","City of Buckeye"]
[1315,"Maricopa","Sun City Festival Planning Area 2 w/Golf Course","Phoenix","City of Buckeye"]
[1093,"Maricopa","Sun City Manor","Phoenix","EPCOR Water Arizona Inc. (Arizona-American Water) - Sun City"]
[1064,"Maricopa","Sun Rock Estates","Phoenix","Carefree Water Company"]
[626,"Maricopa","Sundance Cove","Phoenix","City of Buckeye"]
[638,"Maricopa","Sundance Cove (Sundance Cove Lots 1-80)","Phoenix","City of Buckeye"]
[917,"Maricopa","Sundance Cove II","Phoenix","City of Buckeye"]
[842,"Maricopa","Sundance Parcel 10","Phoenix","City of Buckeye"]
[440,"Maricopa","Sundance Parcel 12","Phoenix","City of Buckeye"]
[41,"Maricopa","Sundance Parcel 13","Phoenix","City of Buckeye"]
[464,"Maricopa","Sundance Parcel 15","Phoenix","City of Buckeye"]
[511,"Maricopa","Sundance Parcel 16","Phoenix","City of Buckeye"]
[512,"Maricopa","Sundance Parcel 17","Phoenix","City of Buckeye"]
[451,"Maricopa","Sundance Parcel 18","Phoenix","City of Buckeye"]
[499,"Maricopa","Sundance Parcel 19","Phoenix","City of Buckeye"]
[458,"Maricopa","Sundance Parcel 2","Phoenix","City of Buckeye"]
[71,"Maricopa","Sundance Parcel 20","Phoenix","City of Buckeye"]
[500,"Maricopa","Sundance Parcel 20A","Phoenix","City of Buckeye"]
[65,"Maricopa","Sundance Parcel 21","Phoenix","City of Buckeye"]
[513,"Maricopa","Sundance Parcel 22","Phoenix","City of Buckeye"]
[514,"Maricopa","Sundance Parcel 23a","Phoenix","City of Buckeye"]
[515,"Maricopa","Sundance Parcel 23b","Phoenix","City of Buckeye"]
[516,"Maricopa","Sundance Parcel 25","Phoenix","City of Buckeye"]
[517,"Maricopa","Sundance Parcel 26","Phoenix","City of Buckeye"]
[518,"Maricopa","Sundance Parcel 27","Phoenix","City of Buckeye"]
[42,"Maricopa","Sundance Parcel 28A","Phoenix","City of Buckeye"]
[496,"Maricopa","Sundance Parcel 28B w/Golf Course","Phoenix","City of Buckeye"]
[43,"Maricopa","Sundance Parcel 29","Phoenix","City of Buckeye"]
[492,"Maricopa","Sundance Parcel 31","Phoenix","City of Buckeye"]
[534,"Maricopa","Sundance Parcel 32","Phoenix","City of Buckeye"]
[535,"Maricopa","Sundance Parcel 33","Phoenix","City of Buckeye"]
[536,"Maricopa","Sundance Parcel 35","Phoenix","City of Buckeye"]
[452,"Maricopa","Sundance Parcel 36","Phoenix","City of Buckeye"]
[441,"Maricopa","Sundance Parcel 37A","Phoenix","City of Buckeye"]
[585,"Maricopa","Sundance Parcel 38","Phoenix","City of Buckeye"]
[523,"Maricopa","Sundance Parcel 41","Phoenix","City of Buckeye"]
[538,"Maricopa","Sundance Parcel 42","Phoenix","City of Buckeye"]
[586,"Maricopa","Sundance Parcel 45A","Phoenix","City of Buckeye"]
[688,"Maricopa","Sundance Parcel 45B","Phoenix","City of Buckeye"]
[843,"Maricopa","Sundance Parcel 45C","Phoenix","City of Buckeye"]
[689,"Maricopa","Sundance Parcel 46A","Phoenix","City of Buckeye"]
[870,"Maricopa","Sundance Parcel 46B","Phoenix","City of Buckeye"]
[844,"Maricopa","Sundance Parcel 47","Phoenix","City of Buckeye"]
[845,"Maricopa","Sundance Parcel 49A","Phoenix","City of Buckeye"]
[765,"Maricopa","Sundance Parcel 7","Phoenix","City of Buckeye"]
[466,"Maricopa","Sundance Parcels 14 and 24","Phoenix","City of Buckeye"]
[620,"Maricopa","Sundance Parcels 34b and 43","Phoenix","City of Buckeye"]
[423,"Maricopa","Sundance, Parcels 37B & 40","Phoenix","City of Buckeye"]
[814,"Maricopa","Sundero","Phoenix","EPCOR Water Arizona Inc. (Arizona-American Water) - Agua Fria"]
[150,"Maricopa","Sunrise at Palm Valley","Phoenix","Liberty Utilities (Litchfield Park Water & Sewer) - Corp."]
[1251,"Maricopa","Sunrise Vista","Phoenix","Sunrise Water Co."]
[347,"Maricopa","Sunset Point","Phoenix","City of Buckeye (Valencia) - Valencia"]
[548,"Maricopa","Sunset Vista (Sunset Point II)","Phoenix","City of Buckeye (Valencia) - Valencia"]
[276,"Maricopa","Superstition Heights","Phoenix","Arizona Water Company - Apache Junction"]
[297,"Maricopa","Surprise Farms 1A North Parcels 1-4","Phoenix","EPCOR Water Arizona Inc. (Arizona-American Water) - Agua Fria"]
[298,"Maricopa","Surprise Farms 1A South Parcels 5-8","Phoenix","EPCOR Water Arizona Inc. (Arizona-American Water) - Agua Fria"]
[299,"Maricopa","Surprise Farms 1B North Parcels 14-16","Phoenix","EPCOR Water Arizona Inc. (Arizona-American Water) - Agua Fria"]
[300,"Maricopa","Surprise Farms 1B South Parcels 9-13","Phoenix","EPCOR Water Arizona Inc. (Arizona-American Water) - Agua Fria"]
[662,"Maricopa","Surprise Farms Phase 2 Parcel 1","Phoenix","EPCOR Water Arizona Inc. (Arizona-American Water) - Agua Fria"]
[663,"Maricopa","Surprise Farms Phase 2 Parcel 2","Phoenix","EPCOR Water Arizona Inc. (Arizona-American Water) - Agua Fria"]
[664,"Maricopa","Surprise Farms Phase 2 Parcel 3","Phoenix","EPCOR Water Arizona Inc. (Arizona-American Water) - Agua Fria"]
[665,"Maricopa","Surprise Farms Phase 2 Parcel 4","Phoenix","EPCOR Water Arizona Inc. (Arizona-American Water) - Agua Fria"]
[666,"Maricopa","Surprise Farms Phase 2 Parcel 5","Phoenix","EPCOR Water Arizona Inc. (Arizona-American Water) - Agua Fria"]
[667,"Maricopa","Surprise Farms Phase 2 Parcel 6","Phoenix","EPCOR Water Arizona Inc. (Arizona-American Water) - Agua Fria"]
[652,"Maricopa","Surprise Farms Phase 3 Parcel 1","Phoenix","EPCOR Water Arizona Inc. (Arizona-American Water) - Agua Fria"]
[653,"Maricopa","Surprise Farms Phase 3 Parcel 2","Phoenix","EPCOR Water Arizona Inc. (Arizona-American Water) - Agua Fria"]
[654,"Maricopa","Surprise Farms Phase 3 Parcel 3","Phoenix","EPCOR Water Arizona Inc. (Arizona-American Water) - Agua Fria"]
[655,"Maricopa","Surprise Farms Phase 3 Parcel 4","Phoenix","EPCOR Water Arizona Inc. (Arizona-American Water) - Agua Fria"]
[656,"Maricopa","Surprise Farms Phase 3 Parcel 5","Phoenix","EPCOR Water Arizona Inc. (Arizona-American Water) - Agua Fria"]
[657,"Maricopa","Surprise Farms Phase 3 Parcel 6","Phoenix","EPCOR Water Arizona Inc. (Arizona-American Water) - Agua Fria"]
[758,"Maricopa","Surprise Farms Phase 4-Parcel 1","Phoenix","EPCOR Water Arizona Inc. (Arizona-American Water) - Agua Fria"]
[759,"Maricopa","Surprise Farms Phase 4-Parcel 2","Phoenix","EPCOR Water Arizona Inc. (Arizona-American Water) - Agua Fria"]
[760,"Maricopa","Surprise Farms Phase 4-Parcel 3","Phoenix","EPCOR Water Arizona Inc. (Arizona-American Water) - Agua Fria"]
[761,"Maricopa","Surprise Farms Phase 4-Parcel 4","Phoenix","EPCOR Water Arizona Inc. (Arizona-American Water) - Agua Fria"]
[762,"Maricopa","Surprise Farms Phase 4-Parcel 5","Phoenix","EPCOR Water Arizona Inc. (Arizona-American Water) - Agua Fria"]
[763,"Maricopa","Surprise Farms Phase 4-Parcel 6","Phoenix","EPCOR Water Arizona Inc. (Arizona-American Water) - Agua Fria"]
[1002,"Maricopa","Surprise Farms Phase 5","Phoenix","EPCOR Water Arizona Inc. (Arizona-American Water) - Agua Fria"]
[1254,"Maricopa","Sycamore Farms","Phoenix","EPCOR Water Arizona Inc. (Arizona-American Water) - Agua Fria"]
[1414,"Maricopa","Sycamore Farms","Phoenix","EPCOR Water Arizona Inc. (Arizona-American Water) - Agua Fria"]
[707,"Maricopa","Sycamore Farms Parcel 13","Phoenix","EPCOR Water Arizona Inc. (Arizona-American Water) - Agua Fria"]
[556,"Maricopa","Tara Estates","Phoenix","EPCOR Water Arizona Inc. (Arizona-American Water) - Agua Fria"]
[741,"Maricopa","Tartesso Parcel 2.10","Phoenix","City of Buckeye"]
[742,"Maricopa","Tartesso Parcel 2.11","Phoenix","City of Buckeye"]
[743,"Maricopa","Tartesso Parcel 2.13","Phoenix","City of Buckeye"]
[744,"Maricopa","Tartesso Parcel 2.15","Phoenix","City of Buckeye"]
[745,"Maricopa","Tartesso Parcel 2.16","Phoenix","City of Buckeye"]
[746,"Maricopa","Tartesso Parcel 2.17","Phoenix","City of Buckeye"]
[747,"Maricopa","Tartesso Parcel 2.18","Phoenix","City of Buckeye"]
[748,"Maricopa","Tartesso Parcel 2.19","Phoenix","City of Buckeye"]
[749,"Maricopa","Tartesso Parcel 2.20","Phoenix","City of Buckeye"]
[750,"Maricopa","Tartesso Parcel 2.21","Phoenix","City of Buckeye"]
[751,"Maricopa","Tartesso Parcel 2.22","Phoenix","City of Buckeye"]
[752,"Maricopa","Tartesso Parcel 2.23","Phoenix","City of Buckeye"]
[753,"Maricopa","Tartesso Parcel 2.25","Phoenix","City of Buckeye"]
[754,"Maricopa","Tartesso Parcel 2.26","Phoenix","City of Buckeye"]
[755,"Maricopa","Tartesso Parcel 2.27","Phoenix","City of Buckeye"]
[756,"Maricopa","Tartesso Parcel 2.28","Phoenix","City of Buckeye"]
[757,"Maricopa","Tartesso Parcel 2.29","Phoenix","City of Buckeye"]
[735,"Maricopa","Tartesso Parcel 2.3","Phoenix","City of Buckeye"]
[736,"Maricopa","Tartesso Parcel 2.4","Phoenix","City of Buckeye"]
[737,"Maricopa","Tartesso Parcel 2.6","Phoenix","City of Buckeye"]
[738,"Maricopa","Tartesso Parcel 2.7","Phoenix","City of Buckeye"]
[739,"Maricopa","Tartesso Parcel 2.8","Phoenix","City of Buckeye"]
[740,"Maricopa","Tartesso Parcel 2.9","Phoenix","City of Buckeye"]
[595,"Maricopa","Tartesso Unit 1 Parcel 1.10","Phoenix","City of Buckeye"]
[596,"Maricopa","Tartesso Unit 1 Parcel 1.11","Phoenix","City of Buckeye"]
[597,"Maricopa","Tartesso Unit 1 Parcel 1.12","Phoenix","City of Buckeye"]
[590,"Maricopa","Tartesso Unit 1 Parcel 1.3","Phoenix","City of Buckeye"]
[591,"Maricopa","Tartesso Unit 1 Parcel 1.4","Phoenix","City of Buckeye"]
[592,"Maricopa","Tartesso Unit 1 Parcel 1.5","Phoenix","City of Buckeye"]
[593,"Maricopa","Tartesso Unit 1 Parcel 1.6","Phoenix","City of Buckeye"]
[594,"Maricopa","Tartesso Unit 1 Parcel 1.9","Phoenix","City of Buckeye"]
[370,"Maricopa","Tash Property (Western Meadows)","Phoenix","EPCOR Water Arizona Inc. (Arizona-American Water) - Agua Fria"]
[1269,"Maricopa","Tegavah-Unit 2.1","Phoenix","Rio Verde Utilities, Inc."]
[323,"Maricopa","TerraRanch at Queen Creek","Phoenix","Town of Queen Creek"]
[1310,"Maricopa","Terravella","Phoenix","Town of Queen Creek"]
[387,"Maricopa","Terravista","Phoenix","City of Buckeye"]
[711,"Maricopa","The Cottages at Palm Valley","Phoenix","Liberty Utilities (Litchfield Park Water & Sewer) - Corp."]
[1263,"Maricopa","The Enclave at Borgata, a Condominium","Phoenix","EPCOR Water Arizona Inc. (PV) - Paradise Valley"]
[1072,"Maricopa","The Enclave at Tonto Forest Estates","Phoenix","Arizona Water Company - Apache Junction"]
[1272,"Maricopa","The Hollows","Phoenix","Town of Queen Creek"]
[1398,"Maricopa","The Landings - Parcels 1-1, 1-2, 2-1, and 2-2","Phoenix","Arizona Water Company - White Tanks"]
[50,"Maricopa","The Legacy and Heritage at West Point Towne Center (The Villages at West Point)","Phoenix","EPCOR Water Arizona Inc. (Arizona-American Water) - Agua Fria"]
[1171,"Maricopa","The Market at Estrella Falls and Estrella Falls Regional Shopping Center","Phoenix","Liberty Utilities (Litchfield Park Water & Sewer) - Corp."]
[413,"Maricopa","The Pecans","Phoenix","Town of Queen Creek"]
[1323,"Maricopa","The Reserve at Black Mountain","Phoenix","Town of Cave Creek"]
[884,"Maricopa","The Reserve at Tranquil Trail","Phoenix","Carefree Water Company"]
[1259,"Maricopa","The Retreat at Sycamore Farms Parcel 12, Phase 2","Phoenix","EPCOR Water Arizona Inc. (Arizona-American Water) - Agua Fria"]
[1285,"Maricopa","The View Carefree, A Condominium (FKA-Easy Street  South, A Condominium - AMENDED)","Phoenix","Carefree Water Company"]
[773,"Maricopa","The Village at Canyon Ridge West","Phoenix","EPCOR Water Arizona Inc. (Arizona-American Water) - Agua Fria"]
[409,"Maricopa","The Village at Litchfield Park Phase I together with The Renaissance Villas on the Park Condominiums & together with Awenasa Condominium","Phoenix","Liberty Utilities (Litchfield Park Water & Sewer) - Corp."]
[539,"Maricopa","The Village at Sun City Grand Condominium Phases 1 and 2","Phoenix","EPCOR Water Arizona Inc. (Arizona-American Water) - Agua Fria"]
[938,"Maricopa","The Village at Sundance Phases 1, 2 & 3","Phoenix","City of Buckeye (Valencia) - Valencia"]
[1217,"Maricopa","The Village at Surrey Hills Condominium","Phoenix","Town of Cave Creek"]
[345,"Maricopa","The Villages at Queen Creek Phase I w/Golf Course","Phoenix","Town of Queen Creek"]
[473,"Maricopa","The Villages at Queen Creek Phase II","Phoenix","Town of Queen Creek (H2O, Inc.)"]
[426,"Maricopa","The Villages at Queen Creek, Phase IIA","Phoenix","Town of Queen Creek"]
[724,"Maricopa","The Villas at Litchfield Park","Phoenix","Liberty Utilities (Litchfield Park Water & Sewer) - Corp."]
[854,"Maricopa","Tierra Del Rio","Phoenix","EPCOR Water Arizona Inc. (Arizona-American Water) - Agua Fria"]
[1341,"Maricopa","Toll at Prasada w/Golf Course (Prasada)","Phoenix","EPCOR Water Arizona Inc. (Arizona-American Water) - Agua Fria"]
[903,"Maricopa","Toll Brothers at Litchfield Park (The Village at Litchfield Park Phase 2)","Phoenix","Liberty Utilities (Litchfield Park Water & Sewer) - Corp."]
[815,"Maricopa","Tolleson Meadows","Phoenix","City of Tolleson"]
[442,"Maricopa","Tonto Forest Estates","Phoenix","Arizona Water Company - Apache Junction"]
[267,"Maricopa","Tonto Verde Unit Eight","Phoenix","Rio Verde Utilities, Inc."]
[106,"Maricopa","Tonto Verde Unit Five","Phoenix","Rio Verde Utilities, Inc."]
[30,"Maricopa","Tonto Verde Unit Four, Lots 240-321","Phoenix","Rio Verde Utilities, Inc."]
[340,"Maricopa","Tonto Verde Unit Nine & Tonto Verde Unit Ten","Phoenix","Rio Verde Utilities, Inc."]
[210,"Maricopa","Tonto Verde Unit Seven","Phoenix","Rio Verde Utilities, Inc."]
[167,"Maricopa","Tonto Verde Unit Six","Phoenix","Rio Verde Utilities, Inc."]
[810,"Maricopa","Trail of Light","Phoenix","Liberty Utilities (Beardsley Water) Corp."]
[1270,"Maricopa","Trailside at Happy Valley","Phoenix","Sunrise Water Co."]
[806,"Maricopa","Tranquil Trail Estates","Phoenix","Carefree Water Company"]
[979,"Maricopa","Trillium-Phase 1","Phoenix","City of Buckeye"]
[1102,"Maricopa","Trillium-Phase II","Phoenix","City of Buckeye"]
[868,"Maricopa","Trilogy at Verde River (Vista Verde Unit One w/Golf Course plus Villas at Vista Verde)","Phoenix","Rio Verde Utilities, Inc."]
[1291,"Maricopa","Trilogy at Verde River Phase 4 Unit 4A","Phoenix","Rio Verde Utilities, Inc."]
[1281,"Maricopa","Trilogy at Verde River Ranch Phase 3","Phoenix","Rio Verde Utilities, Inc."]
[1282,"Maricopa","Troon Tonto Verde","Phoenix","Rio Verde Utilities, Inc."]
[555,"Maricopa","Twelve Oaks Estates","Phoenix","EPCOR Water Arizona Inc. (Arizona-American Water) - Agua Fria"]
[1062,"Maricopa","Twelve Oaks Estates II","Phoenix","EPCOR Water Arizona Inc. (Arizona-American Water) - Agua Fria"]
[904,"Maricopa","Tyler Ranch","Phoenix","City of Buckeye (Valencia) - Valencia"]
[121,"Maricopa","U.S. Home at West Point Towne Center","Phoenix","EPCOR Water Arizona Inc. (Arizona-American Water) - Agua Fria"]
[104,"Maricopa","University East","Phoenix","Arizona Water Company - Apache Junction"]
[1437,"Maricopa","Valley View Estates","Phoenix","EPCOR Water Arizona Inc. (PV) - Paradise Valley"]
[770,"Maricopa","Ventana Picachos","Phoenix","Sunrise Water Co."]
[998,"Maricopa","Ventana Ranch","Phoenix","City of Buckeye"]
[317,"Maricopa","Veranda","Phoenix","Liberty Utilities (Litchfield Park Water & Sewer) - Corp."]
[935,"Maricopa","Veranda Commons (Condominium)","Phoenix","Liberty Utilities (Litchfield Park Water & Sewer) - Corp."]
[463,"Maricopa","Veranda II","Phoenix","Liberty Utilities (Litchfield Park Water & Sewer) - Corp."]
[236,"Maricopa","Verde Village (Townhomes)","Phoenix","Rio Verde Utilities, Inc."]
[1245,"Maricopa","Verrado ARC - Phase 1","Phoenix","EPCOR Water Arizona Inc. (Arizona-American Water) - Agua Fria"]
[1302,"Maricopa","Verrado East District - Phase 1","Phoenix","EPCOR Water Arizona Inc. (Arizona-American Water) - Agua Fria"]
[1311,"Maricopa","Verrado East District - Phase 2A Parcel 4.431","Phoenix","EPCOR Water Arizona Inc. (Arizona-American Water) - Agua Fria"]
[1328,"Maricopa","Verrado East District - Phase 2B Parcel 4.320","Phoenix","EPCOR Water Arizona Inc. (Arizona-American Water) - Agua Fria"]
[1351,"Maricopa","Verrado East District-Phase 3 Parcels 4.321,4.322, 4.323, 4.324, 4.325, 4.326, 4.330, 4.431","Phoenix","EPCOR Water Arizona Inc. (Arizona-American Water) - Agua Fria"]
[1421,"Maricopa","Verrado East District-Phase 4","Phoenix","EPCOR Water Arizona Inc. (Arizona-American Water) - Agua Fria"]
[1480,"Maricopa","Verrado Heritage","Phoenix","EPCOR Water Arizona Inc. (Arizona-American Water) - Agua Fria"]
[1329,"Maricopa","Verrado Highlands District-Phase 1 Parcels 5.411 & 5.412","Phoenix","EPCOR Water Arizona Inc. (Arizona-American Water) - Agua Fria"]
[1390,"Maricopa","Verrado Highlands District-Phase 2 Parcels 5.413, 5.414, 5.421, 5.422, 5.423","Phoenix","EPCOR Water Arizona Inc. (Arizona-American Water) - Agua Fria"]
[1306,"Maricopa","Verrado Marketside Commercial - Parcel C - Lot 3","Phoenix","EPCOR Water Arizona Inc. (Arizona-American Water) - Agua Fria"]
[1275,"Maricopa","Verrado Marketside District Residential Phase - 1","Phoenix","EPCOR Water Arizona Inc. (Arizona-American Water) - Agua Fria"]
[1355,"Maricopa","Verrado Marketside District Residential Phase-2B","Phoenix","EPCOR Water Arizona Inc. (Arizona-American Water) - Agua Fria"]
[1362,"Maricopa","Verrado Marketside District Residential Phase-3","Phoenix","EPCOR Water Arizona Inc. (Arizona-American Water) - Agua Fria"]
[769,"Maricopa","Verrado Parcel 3.101","Phoenix","EPCOR Water Arizona Inc. (Arizona-American Water) - Agua Fria"]
[831,"Maricopa","Verrado Parcel 3.201","Phoenix","EPCOR Water Arizona Inc. (Arizona-American Water) - Agua Fria"]
[832,"Maricopa","Verrado Parcel 3.202","Phoenix","EPCOR Water Arizona Inc. (Arizona-American Water) - Agua Fria"]
[833,"Maricopa","Verrado Parcel 3.203","Phoenix","EPCOR Water Arizona Inc. (Arizona-American Water) - Agua Fria"]
[834,"Maricopa","Verrado Parcel 3.204","Phoenix","EPCOR Water Arizona Inc. (Arizona-American Water) - Agua Fria"]
[835,"Maricopa","Verrado Parcel 3.205","Phoenix","EPCOR Water Arizona Inc. (Arizona-American Water) - Agua Fria"]
[836,"Maricopa","Verrado Parcel 3.206","Phoenix","EPCOR Water Arizona Inc. (Arizona-American Water) - Agua Fria"]
[837,"Maricopa","Verrado Parcel 3.207","Phoenix","EPCOR Water Arizona Inc. (Arizona-American Water) - Agua Fria"]
[838,"Maricopa","Verrado Parcel 3.208","Phoenix","EPCOR Water Arizona Inc. (Arizona-American Water) - Agua Fria"]
[839,"Maricopa","Verrado Parcel 3.209","Phoenix","EPCOR Water Arizona Inc. (Arizona-American Water) - Agua Fria"]
[881,"Maricopa","Verrado Parcel 3.301","Phoenix","EPCOR Water Arizona Inc. (Arizona-American Water) - Agua Fria"]
[856,"Maricopa","Verrado Parcel 3.303","Phoenix","EPCOR Water Arizona Inc. (Arizona-American Water) - Agua Fria"]
[857,"Maricopa","Verrado Parcel 3.304","Phoenix","EPCOR Water Arizona Inc. (Arizona-American Water) - Agua Fria"]
[882,"Maricopa","Verrado Parcel 3.306","Phoenix","EPCOR Water Arizona Inc. (Arizona-American Water) - Agua Fria"]
[858,"Maricopa","Verrado Parcel 3.308","Phoenix","EPCOR Water Arizona Inc. (Arizona-American Water) - Agua Fria"]
[883,"Maricopa","Verrado Parcel 3.311","Phoenix","EPCOR Water Arizona Inc. (Arizona-American Water) - Agua Fria"]
[813,"Maricopa","Verrado Parcel 3.401","Phoenix","EPCOR Water Arizona Inc. (Arizona-American Water) - Agua Fria"]
[821,"Maricopa","Verrado Parcel 3.402","Phoenix","EPCOR Water Arizona Inc. (Arizona-American Water) - Agua Fria"]
[822,"Maricopa","Verrado Parcel 3.403","Phoenix","EPCOR Water Arizona Inc. (Arizona-American Water) - Agua Fria"]
[823,"Maricopa","Verrado Parcel 3.404","Phoenix","EPCOR Water Arizona Inc. (Arizona-American Water) - Agua Fria"]
[824,"Maricopa","Verrado Parcel 3.405","Phoenix","EPCOR Water Arizona Inc. (Arizona-American Water) - Agua Fria"]
[825,"Maricopa","Verrado Parcel 3.406","Phoenix","EPCOR Water Arizona Inc. (Arizona-American Water) - Agua Fria"]
[826,"Maricopa","Verrado Parcel 3.407","Phoenix","EPCOR Water Arizona Inc. (Arizona-American Water) - Agua Fria"]
[1239,"Maricopa","Verrado Parcel 3.408","Phoenix","EPCOR Water Arizona Inc. (Arizona-American Water) - Agua Fria"]
[827,"Maricopa","Verrado Parcel 3.409","Phoenix","EPCOR Water Arizona Inc. (Arizona-American Water) - Agua Fria"]
[828,"Maricopa","Verrado Parcel 3.410","Phoenix","EPCOR Water Arizona Inc. (Arizona-American Water) - Agua Fria"]
[829,"Maricopa","Verrado Parcel 3.411","Phoenix","EPCOR Water Arizona Inc. (Arizona-American Water) - Agua Fria"]
[830,"Maricopa","Verrado Parcel 3.412","Phoenix","EPCOR Water Arizona Inc. (Arizona-American Water) - Agua Fria"]
[631,"Maricopa","Verrado Parcel 4.501","Phoenix","EPCOR Water Arizona Inc. (Arizona-American Water) - Agua Fria"]
[968,"Maricopa","Verrado Parcel 4.502 (Condominiums)","Phoenix","EPCOR Water Arizona Inc. (Arizona-American Water) - Agua Fria"]
[632,"Maricopa","Verrado Parcel 4.503","Phoenix","EPCOR Water Arizona Inc. (Arizona-American Water) - Agua Fria"]
[633,"Maricopa","Verrado Parcel 4.504","Phoenix","EPCOR Water Arizona Inc. (Arizona-American Water) - Agua Fria"]
[680,"Maricopa","Verrado Parcel 4.505","Phoenix","EPCOR Water Arizona Inc. (Arizona-American Water) - Agua Fria"]
[818,"Maricopa","Verrado Parcel 4.506","Phoenix","EPCOR Water Arizona Inc. (Arizona-American Water) - Agua Fria"]
[474,"Maricopa","Verrado Parcel 4.601","Phoenix","EPCOR Water Arizona Inc. (Arizona-American Water) - Agua Fria"]
[475,"Maricopa","Verrado Parcel 4.602","Phoenix","EPCOR Water Arizona Inc. (Arizona-American Water) - Agua Fria"]
[476,"Maricopa","Verrado Parcel 4.603","Phoenix","EPCOR Water Arizona Inc. (Arizona-American Water) - Agua Fria"]
[477,"Maricopa","Verrado Parcel 4.604","Phoenix","EPCOR Water Arizona Inc. (Arizona-American Water) - Agua Fria"]
[478,"Maricopa","Verrado Parcel 4.605","Phoenix","EPCOR Water Arizona Inc. (Arizona-American Water) - Agua Fria"]
[479,"Maricopa","Verrado Parcel 4.606","Phoenix","EPCOR Water Arizona Inc. (Arizona-American Water) - Agua Fria"]
[480,"Maricopa","Verrado Parcel 4.607","Phoenix","EPCOR Water Arizona Inc. (Arizona-American Water) - Agua Fria"]
[481,"Maricopa","Verrado Parcel 4.608","Phoenix","EPCOR Water Arizona Inc. (Arizona-American Water) - Agua Fria"]
[482,"Maricopa","Verrado Parcel 4.609","Phoenix","EPCOR Water Arizona Inc. (Arizona-American Water) - Agua Fria"]
[483,"Maricopa","Verrado Parcel 4.610","Phoenix","EPCOR Water Arizona Inc. (Arizona-American Water) - Agua Fria"]
[484,"Maricopa","Verrado Parcel 4.611","Phoenix","EPCOR Water Arizona Inc. (Arizona-American Water) - Agua Fria"]
[485,"Maricopa","Verrado Parcel 4.612","Phoenix","EPCOR Water Arizona Inc. (Arizona-American Water) - Agua Fria"]
[486,"Maricopa","Verrado Parcel 4.613","Phoenix","EPCOR Water Arizona Inc. (Arizona-American Water) - Agua Fria"]
[487,"Maricopa","Verrado Parcel 4.614","Phoenix","EPCOR Water Arizona Inc. (Arizona-American Water) - Agua Fria"]
[488,"Maricopa","Verrado Parcel 4.615","Phoenix","EPCOR Water Arizona Inc. (Arizona-American Water) - Agua Fria"]
[681,"Maricopa","Verrado Parcel 4.616","Phoenix","EPCOR Water Arizona Inc. (Arizona-American Water) - Agua Fria"]
[659,"Maricopa","Verrado Parcel 4.623","Phoenix","EPCOR Water Arizona Inc. (Arizona-American Water) - Agua Fria"]
[559,"Maricopa","Verrado Parcel 4.624 (Townhomes)","Phoenix","EPCOR Water Arizona Inc. (Arizona-American Water) - Agua Fria"]
[679,"Maricopa","Verrado Parcel 4.801","Phoenix","EPCOR Water Arizona Inc. (Arizona-American Water) - Agua Fria"]
[712,"Maricopa","Verrado Parcel 4.802","Phoenix","EPCOR Water Arizona Inc. (Arizona-American Water) - Agua Fria"]
[713,"Maricopa","Verrado Parcel 4.803","Phoenix","EPCOR Water Arizona Inc. (Arizona-American Water) - Agua Fria"]
[714,"Maricopa","Verrado Parcel 4.804","Phoenix","EPCOR Water Arizona Inc. (Arizona-American Water) - Agua Fria"]
[715,"Maricopa","Verrado Parcel 4.805","Phoenix","EPCOR Water Arizona Inc. (Arizona-American Water) - Agua Fria"]
[716,"Maricopa","Verrado Parcel 4.806","Phoenix","EPCOR Water Arizona Inc. (Arizona-American Water) - Agua Fria"]
[717,"Maricopa","Verrado Parcel 4.807","Phoenix","EPCOR Water Arizona Inc. (Arizona-American Water) - Agua Fria"]
[718,"Maricopa","Verrado Parcel 4.808","Phoenix","EPCOR Water Arizona Inc. (Arizona-American Water) - Agua Fria"]
[719,"Maricopa","Verrado Parcel 4.809","Phoenix","EPCOR Water Arizona Inc. (Arizona-American Water) - Agua Fria"]
[720,"Maricopa","Verrado Parcel 4.810","Phoenix","EPCOR Water Arizona Inc. (Arizona-American Water) - Agua Fria"]
[721,"Maricopa","Verrado Parcel 4.811","Phoenix","EPCOR Water Arizona Inc. (Arizona-American Water) - Agua Fria"]
[682,"Maricopa","Verrado Parcel 4.901","Phoenix","EPCOR Water Arizona Inc. (Arizona-American Water) - Agua Fria"]
[683,"Maricopa","Verrado Parcel 4.902","Phoenix","EPCOR Water Arizona Inc. (Arizona-American Water) - Agua Fria"]
[684,"Maricopa","Verrado Parcel 4.903","Phoenix","EPCOR Water Arizona Inc. (Arizona-American Water) - Agua Fria"]
[685,"Maricopa","Verrado Parcel 4.904","Phoenix","EPCOR Water Arizona Inc. (Arizona-American Water) - Agua Fria"]
[686,"Maricopa","Verrado Parcel 4.905","Phoenix","EPCOR Water Arizona Inc. (Arizona-American Water) - Agua Fria"]
[1049,"Maricopa","Verrado Parcel 5.504","Phoenix","EPCOR Water Arizona Inc. (Arizona-American Water) - Agua Fria"]
[999,"Maricopa","Verrado Parcel 5.505","Phoenix","EPCOR Water Arizona Inc. (Arizona-American Water) - Agua Fria"]
[634,"Maricopa","Verrado Parcel 5.601","Phoenix","EPCOR Water Arizona Inc. (Arizona-American Water) - Agua Fria"]
[635,"Maricopa","Verrado Parcel 5.602","Phoenix","EPCOR Water Arizona Inc. (Arizona-American Water) - Agua Fria"]
[636,"Maricopa","Verrado Parcel 5.603","Phoenix","EPCOR Water Arizona Inc. (Arizona-American Water) - Agua Fria"]
[651,"Maricopa","Verrado Parcel 5.604","Phoenix","EPCOR Water Arizona Inc. (Arizona-American Water) - Agua Fria"]
[550,"Maricopa","Verrado Parcel 5.701","Phoenix","EPCOR Water Arizona Inc. (Arizona-American Water) - Agua Fria"]
[489,"Maricopa","Verrado Parcel 5.702","Phoenix","EPCOR Water Arizona Inc. (Arizona-American Water) - Agua Fria"]
[490,"Maricopa","Verrado Parcel 5.703","Phoenix","EPCOR Water Arizona Inc. (Arizona-American Water) - Agua Fria"]
[560,"Maricopa","Verrado Parcel 5.704","Phoenix","EPCOR Water Arizona Inc. (Arizona-American Water) - Agua Fria"]
[668,"Maricopa","Verrado Parcel 5.707","Phoenix","EPCOR Water Arizona Inc. (Arizona-American Water) - Agua Fria"]
[540,"Maricopa","Verrado Parcel 5.801","Phoenix","EPCOR Water Arizona Inc. (Arizona-American Water) - Agua Fria"]
[572,"Maricopa","Verrado Parcel 5.802","Phoenix","EPCOR Water Arizona Inc. (Arizona-American Water) - Agua Fria"]
[544,"Maricopa","Verrado Parcel 5.803 (w/Golf Course)","Phoenix","EPCOR Water Arizona Inc. (Arizona-American Water) - Agua Fria"]
[541,"Maricopa","Verrado Parcel 5.804","Phoenix","EPCOR Water Arizona Inc. (Arizona-American Water) - Agua Fria"]
[1237,"Maricopa","Verrado Phase 3 South","Phoenix","EPCOR Water Arizona Inc. (Arizona-American Water) - Agua Fria"]
[1492,"Maricopa","Verrado Regent Hills - Phase 3","Phoenix","EPCOR Water Arizona Inc. (Arizona-American Water) - Agua Fria"]
[967,"Maricopa","Verrado Town Center Condominiums (Verrado Parcel 4.625)","Phoenix","EPCOR Water Arizona Inc. (Arizona-American Water) - Agua Fria"]
[1457,"Maricopa","Verrado Victory District - Phase 3C, Units 1, 2, and 3","Phoenix","EPCOR Water Arizona Inc. (Arizona-American Water) - Agua Fria"]
[1495,"Maricopa","Verrado Victory District - Phase 6.510","Phoenix","EPCOR Water Arizona Inc. (Arizona-American Water) - Agua Fria"]
[1425,"Maricopa","Verrado Victory District - Phase 7B","Phoenix","EPCOR Water Arizona Inc. (Arizona-American Water) - Agua Fria"]
[1435,"Maricopa","Verrado Victory District - Phase 8","Phoenix","EPCOR Water Arizona Inc. (Arizona-American Water) - Agua Fria"]
[1496,"Maricopa","Verrado Victory District - Phase 9","Phoenix","EPCOR Water Arizona Inc. (Arizona-American Water) - Agua Fria"]
[1301,"Maricopa","Verrado Victory District Phase 4","Phoenix","EPCOR Water Arizona Inc. (Arizona-American Water) - Agua Fria"]
[1479,"Maricopa","Verrado Victory District Phase 6 Unit B & Unit C","Phoenix","EPCOR Water Arizona Inc. (Arizona-American Water) - Agua Fria"]
[1498,"Maricopa","Verrado, Victory District, Phase 10","Phoenix","EPCOR Water Arizona Inc. (Arizona-American Water) - Agua Fria"]
[1125,"Maricopa","Victoria Heights","Phoenix","Town of Queen Creek"]
[726,"Maricopa","Victoria Parcels 10, 11 & 11A","Phoenix","Town of Queen Creek"]
[561,"Maricopa","Victoria Phase 2 Parcel 1","Phoenix","Town of Queen Creek"]
[1411,"Maricopa","Victory at Verrado - Model Complex Phase 2B","Phoenix","EPCOR Water Arizona Inc. (Arizona-American Water) - Agua Fria"]
[1410,"Maricopa","Victory at Verrado - Phase 7A","Phoenix","EPCOR Water Arizona Inc. (Arizona-American Water) - Agua Fria"]
[1391,"Maricopa","Victory at Verrado Phase 6 (Parcel 6.410)","Phoenix","EPCOR Water Arizona Inc. (Arizona-American Water) - Agua Fria"]
[1260,"Maricopa","Victory at Verrado-Phase 2 w/Golf Course (AMENDED)","Phoenix","EPCOR Water Arizona Inc. (Arizona-American Water) - Agua Fria"]
[1289,"Maricopa","Victory at Verrado-Phase 3: Parcel 3A & 3B","Phoenix","EPCOR Water Arizona Inc. (Arizona-American Water) - Agua Fria"]
[1360,"Maricopa","Victory at Verrado-Phase 5 w/Golf Course","Phoenix","EPCOR Water Arizona Inc. (Arizona-American Water) - Agua Fria"]
[88,"Maricopa","Vida Del Sol Estates","Phoenix","Liberty Utilities (Beardsley Water) Corp."]
[1,"Maricopa","Villa Rica Subdivision","Phoenix","City of Tolleson"]
[793,"Maricopa","Village at Rio Paseo Condominium and Rio Paseo Parcel 8 (Rio Paseo Parcels 7 & 8)","Phoenix","Liberty Utilities (Litchfield Park Water & Sewer) - Corp."]
[1163,"Maricopa","Villagio","Phoenix","Town of Queen Creek"]
[1052,"Maricopa","Villas at Palm Valley Condominium","Phoenix","Liberty Utilities (Litchfield Park Water & Sewer) - Corp."]
[1110,"Maricopa","Vista Bonita","Phoenix","City of Buckeye (Valencia) - Valencia"]
[519,"Maricopa","Vista de Montana","Phoenix","Arizona Water Company - White Tanks"]
[963,"Maricopa","Vista Del Sol","Phoenix","City of Buckeye"]
[1343,"Maricopa","Vistas at Palm Valley","Phoenix","Liberty Utilities (Litchfield Park Water & Sewer) - Corp."]
[1168,"Maricopa","Walden Ranch","Phoenix","West End Water Company"]
[1164,"Maricopa","Warrick Property","Phoenix","Circle City Water Company"]
[853,"Maricopa","Watson Estates Parcels 1-10","Phoenix","City of Buckeye (Valencia) - Valencia"]
[1219,"Maricopa","Watson Marketplace-Phase 2","Phoenix","City of Buckeye"]
[1374,"Maricopa","West Park Estates","Phoenix","Town of Queen Creek"]
[606,"Maricopa","Westpark Phase 1 Parcel 1","Phoenix","City of Buckeye (Valencia) - Valencia"]
[609,"Maricopa","Westpark Phase 1 Parcel 15N","Phoenix","City of Buckeye (Valencia) - Valencia"]
[610,"Maricopa","Westpark Phase 1 Parcel 15S","Phoenix","City of Buckeye (Valencia) - Valencia"]
[611,"Maricopa","Westpark Phase 1 Parcel 16N","Phoenix","City of Buckeye (Valencia) - Valencia"]
[612,"Maricopa","Westpark Phase 1 Parcel 16S","Phoenix","City of Buckeye (Valencia) - Valencia"]
[613,"Maricopa","Westpark Phase 1 Parcel 17N","Phoenix","City of Buckeye (Valencia) - Valencia"]
[614,"Maricopa","Westpark Phase 1 Parcel 17S","Phoenix","City of Buckeye (Valencia) - Valencia"]
[607,"Maricopa","Westpark Phase 1 Parcel 2N","Phoenix","City of Buckeye (Valencia) - Valencia"]
[608,"Maricopa","Westpark Phase 1 Parcel 2S","Phoenix","City of Buckeye (Valencia) - Valencia"]
[629,"Maricopa","Westpark Phase 1 Parcel 3N","Phoenix","City of Buckeye (Valencia) - Valencia"]
[630,"Maricopa","Westpark Phase 1 Parcel 3S","Phoenix","City of Buckeye (Valencia) - Valencia"]
[628,"Maricopa","Westpark Phase 1 Parcel 4N","Phoenix","City of Buckeye (Valencia) - Valencia"]
[627,"Maricopa","Westpark Phase 1 Parcel 4S","Phoenix","City of Buckeye (Valencia) - Valencia"]
[788,"Maricopa","Westpark Phase 2 Parcels 13 & 14","Phoenix","City of Buckeye"]
[855,"Maricopa","Westpark Phase 2 Parcels 18S & 20S","Phoenix","City of Buckeye"]
[988,"Maricopa","Westpark Phase 2 Parcels 7, 8, 19 and 20N","Phoenix","City of Buckeye"]
[982,"Maricopa","Westwind Parcels 1-A and 1-E","Phoenix","City of Buckeye (Greater Buckeye) - Water Utility of Greater Buckeye"]
[947,"Maricopa","Westwind Parcels 1-B, 1-C, and 1-D","Phoenix","City of Buckeye (Greater Buckeye) - Water Utility of Greater Buckeye"]
[1106,"Maricopa","Westwind Parcels 1F, 1G, 1H, 1I, 1M & 1N","Phoenix","City of Buckeye"]
[1108,"Maricopa","Westwind Parcels 1J, 1K, 1L & 2B","Phoenix","City of Buckeye"]
[920,"Maricopa","White Fence Farms","Phoenix","City of Buckeye"]
[729,"Maricopa","White Tank Foothills","Phoenix","EPCOR Water Arizona Inc. (Arizona-American Water) - Agua Fria"]
[1447,"Maricopa","White Tank Vistas","Phoenix","City of Buckeye (Greater Buckeye) - Water Utility of Greater Buckeye"]
[405,"Maricopa","Wigwam Creek North Phase 1","Phoenix","Liberty Utilities (Litchfield Park Water & Sewer) - Corp."]
[412,"Maricopa","Wigwam Creek North Phase 2","Phoenix","Liberty Utilities (Litchfield Park Water & Sewer) - Corp."]
[493,"Maricopa","Wigwam Creek North Phase 2B","Phoenix","Liberty Utilities (Litchfield Park Water & Sewer) - Corp."]
[364,"Maricopa","Wigwam Creek Parcels 1-12","Phoenix","Liberty Utilities (Litchfield Park Water & Sewer) - Corp."]
[94,"Maricopa","Will Rogers Equestrian Ranch Units 1, 2, 3","Phoenix","Town of Queen Creek"]
[1489,"Maricopa","Willow Trails, Phase 1 & Phase 2","Phoenix","Liberty Utilities (Beardsley Water) Corp."]
[564,"Maricopa","Windmill Village","Phoenix","City of Buckeye"]
[965,"Maricopa","Woolf Crossing","Phoenix","EPCOR Water Arizona Inc. (Arizona-American Water) - Agua Fria"]
[1116,"Maricopa","Wyngate Apartments (AKA - Sycamore Farms-Parcel 11)","Phoenix","EPCOR Water Arizona Inc. (Arizona-American Water) - Agua Fria"]
[289,"Maricopa","Youngtown Gardens Condominiums","Phoenix","EPCOR Water Arizona Inc. (Arizona-American Water) - Sun City"]
[910,"Maricopa","Zanjero Pass Parcels 1-3 Phases 2-4 and Zanjero Pass Parcel 4 Phase 1","Phoenix","EPCOR Water Arizona Inc. (Arizona-American Water) - Agua Fria"]
[1460,"Maricopa","Zanjero Trails - Parcel 31","Phoenix","EPCOR Water Arizona Inc. (Arizona-American Water) - Agua Fria"]
[1405,"Maricopa","Zanjero Trails - Parcel 34","Phoenix","EPCOR Water Arizona Inc. (Arizona-American Water) - Agua Fria"]
[1345,"Maricopa","Zanjero Trails  Phase 1C Parcel 35A - Phase 1","Phoenix","EPCOR Water Arizona Inc. (Arizona-American Water) - Agua Fria"]
[1232,"Maricopa","Zanjero Trails - Phase 2 (LLC)","Phoenix","EPCOR Water Arizona Inc. (Arizona-American Water) - Agua Fria"]
[1231,"Maricopa","Zanjero Trails - Phase 2 (MWD)","Phoenix","EPCOR Water Arizona Inc. (Arizona-American Water) - Agua Fria"]
[1436,"Maricopa","Zanjero Trails Parcel 34E & 34F","Phoenix","EPCOR Water Arizona Inc. (Arizona-American Water) - Agua Fria"]
[1271,"Maricopa","Zanjero Trails Parcels 35B, 37A, 38, 40, 43, 44","Phoenix","EPCOR Water Arizona Inc. (Arizona-American Water) - Agua Fria"]
[1347,"Maricopa","Zanjero Trails Phase 1C - Parcel 35A - Phase 2","Phoenix","EPCOR Water Arizona Inc. (Arizona-American Water) - Agua Fria"]
[1348,"Maricopa","Zanjero Trails Phase 1C - Parcel 36 - Phase 1","Phoenix","EPCOR Water Arizona Inc. (Arizona-American Water) - Agua Fria"]
[1349,"Maricopa","Zanjero Trails Phase 1C - Parcel 36 - Phase 2","Phoenix","EPCOR Water Arizona Inc. (Arizona-American Water) - Agua Fria"]
[1350,"Maricopa","Zanjero Trails Phase 1C - Parcel 37B","Phoenix","EPCOR Water Arizona Inc. (Arizona-American Water) - Agua Fria"]
[0,"Pima","I don’t see my subdivision","Unknown","Unknown"]
[1233,"Pima","27 Wash","Tucson","Lago Del Oro Water Company"]
[774,"Pima","A Resubdivision of Block B of La Joya Verde as recorded in Book 47 M&P Page 6 Lots 1-84 & Common Areas \"A\" (Open Space & Recreation) and Common Area \"B\" (Open Space and Drainageways)","Tucson","Community Water Company of Green Valley"]
[974,"Pima","Arcadia Lots 1-40 (Phase 1), and Lots 41-190 (Phase II) and Common Areas \"A\" (Private Streets) & \"B\" (Functional Open Space & Drainage)","Tucson","Lago Del Oro Water Company"]
[1212,"Pima","Avra Verde","Tucson","Sandario Water Company"]
[418,"Pima","Avra Vista, Lots 1-64","Tucson","Marana Domestic Water Improvement District"]
[453,"Pima","Black Horse","Tucson","Los Cerros Water Company, Inc."]
[1088,"Pima","Bluff Creek","Tucson","Saguaro Water Co."]
[973,"Pima","Camino Seco Village Residential Cluster Project Lots 1-35 & Common Areas A & B","Tucson","Halcyon Acres Annex No. 2 Water Co., Inc."]
[256,"Pima","Canoa Northwest Lots 1-166","Tucson","Green Valley Domestic Water Improvement District"]
[312,"Pima","Canoa Northwest Lots 167-328 Common Areas A, B & C","Tucson","Green Valley Domestic Water Improvement District"]
[846,"Pima","Canoa Preserve","Tucson","Farmers Water Co."]
[509,"Pima","Canoa Ranch Block 11","Tucson","Green Valley Domestic Water Improvement District"]
[503,"Pima","Canoa Ranch Block 21, Lots 1-60 and Common Areas A & B","Tucson","Green Valley Domestic Water Improvement District"]
[1086,"Pima","Canoa Ranch Block 27 South Lots 1-348 Common Areas \"A\" & \"B\" (Canoa Ranch Block 27 South Lots 1-356, Common Areas \"A\" & \"B\")","Tucson","Green Valley Domestic Water Improvement District"]
[526,"Pima","Canoa Ranch Block 28","Tucson","Green Valley Domestic Water Improvement District"]
[507,"Pima","Canoa Ranch Blocks 19 & 20 Lots 1-99 and CA A&B (Canoa Ranch Blocks 19 & 20, Lots 61-160 and CA A & B)","Tucson","Green Valley Domestic Water Improvement District"]
[734,"Pima","Canoa Ranch Blocks 22 and 27, Lots 1-140 and Common Areas \"A\" & \"B\"","Tucson","Green Valley Domestic Water Improvement District"]
[603,"Pima","Canoa Ranch Resort Hotel Condominium (Canoa Ranch Blocks 8, 9 and 15)","Tucson","Green Valley Domestic Water Improvement District"]
[808,"Pima","Cantera an RCP Subdivision, Lots 1-143, Common Areas A, B & C, Blocks A & B","Tucson","Ray Water Company"]
[434,"Pima","Canyon Ranch Estates II","Tucson","Metropolitan Domestic Water Improvement District - Hub Satellite"]
[617,"Pima","Colonia Real Lots 1-50","Tucson","Farmers Water Co."]
[128,"Pima","Colonias La Canada, Lots 83-219","Tucson","Las Quintas Serenas Water Company"]
[1182,"Pima","Cottonwood Ranch Estates, Lots 1-219 and Common Area \"A\"","Tucson","Marana Domestic Water Improvement District"]
[248,"Pima","Coyote Creek","Tucson","Saguaro Water Co."]
[577,"Pima","De Anza Links","Tucson","Farmers Water Co."]
[860,"Pima","De Anza Links II, Lots 1-17 Common Areas A & B","Tucson","Farmers Water Co."]
[1077,"Pima","Desert Point 2","Tucson","Ray Water Company"]
[644,"Pima","Desert Point Estates","Tucson","Ray Water Company"]
[1115,"Pima","Desert View Plaza Lots 1-7","Tucson","Ray Water Company"]
[126,"Pima","Desert Vista Estates Parcels 1 and 2","Tucson","Ray Water Company"]
[456,"Pima","Desert Vista Terrace","Tucson","Ray Water Company"]
[470,"Pima","Drexel Manor","Tucson","Ray Water Company"]
[86,"Pima","Duval Commerce Park","Tucson","Community Water Company of Green Valley"]
[546,"Pima","Estates at La Cañada Norte Lots 1-41","Tucson","Las Quintas Serenas Water Company"]
[551,"Pima","Garden Estates (The Estate Lots at Tortolita Preserve by Garden Estates at Dove Mountain L.L.C.)","Tucson","Tortolita Water Company, Inc."]
[5,"Pima","Garden of Eden Lots 1-18","Tucson","Lago Del Oro Water Company"]
[1488,"Pima","Golder 19","Tucson","Lago Del Oro Water Company"]
[63,"Pima","Greens at Santa Rita Springs, Lots 168-214","Tucson","Farmers Water Co."]
[122,"Pima","Greens at Santa Rita Springs, Lots 226-234","Tucson","Farmers Water Co."]
[602,"Pima","Jacaranda Village at Tewa Trail","Tucson","Saguaro Water Co."]
[99,"Pima","La Joya Verde II","Tucson","Community Water Company of Green Valley"]
[508,"Pima","La Joya Verde lll, Lots 1-226","Tucson","Community Water Company of Green Valley"]
[1127,"Pima","La Joya Verde Rancho Abrego III Lots 1 through 15 and Common Area \"A\"","Tucson","Community Water Company of Green Valley"]
[341,"Pima","La Posada II","Tucson","Farmers Water Co."]
[661,"Pima","Las Campanas Block B, Lots 1-118 & Common Areas A & B","Tucson","Community Water Company of Green Valley"]
[1149,"Pima","Las Campanas Block C Lots 1-283 and Common Area A","Tucson","Community Water Company of Green Valley"]
[382,"Pima","Las Campanas Block F, Lots 1-93 & CA A & B","Tucson","Community Water Company of Green Valley"]
[24,"Pima","Las Campanas Block G","Tucson","Community Water Company of Green Valley"]
[118,"Pima","Las Campanas Block G-2","Tucson","Community Water Company of Green Valley"]
[268,"Pima","Las Campanas Block H, Lots 1-84","Tucson","Community Water Company of Green Valley"]
[13,"Pima","Las Campanas Block K","Tucson","Community Water Company of Green Valley"]
[643,"Pima","Las Campanas Block L, Lots 1-67 & Common Area A","Tucson","Community Water Company of Green Valley"]
[866,"Pima","Las Campanas Blocks D & E","Tucson","Community Water Company of Green Valley"]
[349,"Pima","Las Campanas Village Block M and the west half of Block N Lots 1-219 and Common Areas A & B","Tucson","Community Water Company of Green Valley"]
[80,"Pima","Links at Santa Rita Springs","Tucson","Farmers Water Co."]
[468,"Pima","Los Arroyos Del Este","Tucson","Community Water Company of Green Valley"]
[933,"Pima","Los Arroyos Resubdivision Lots 1-145 and 150-167 and Common Areas \"A1-A3\"& \"B1-B2\"","Tucson","Community Water Company of Green Valley"]
[23,"Pima","Madera Foothills Estates, Lots 1-25","Tucson","Farmers Water Co."]
[384,"Pima","Madera Foothills Estates, Lots 26-67 & CA A & B","Tucson","Farmers Water Co."]
[1397,"Pima","Madera Highlands Blocks 24-26","Tucson","Farmers Water Co."]
[783,"Pima","Madera Highlands Villages 11, 12, 13, 14 & 16 through 23","Tucson","Farmers Water Co."]
[969,"Pima","Madera Highlands, Villages 1-10 and 15 and Common Areas \"D\", \"E\" and \"F\"","Tucson","Farmers Water Co."]
[1151,"Pima","Madera Highlands, Villages 27 and 29 and Common Areas \"D\", \"E\", \"F\", and \"G\"","Tucson","Farmers Water Co."]
[28,"Pima","Madera Reserve Phase II Lots 131-263 and Expansion Parcels 47EX-99EX","Tucson","Farmers Water Co."]
[1122,"Pima","Montanas Del Sol Lots 1-49 & Common Area \"A\"","Tucson","Avra Water Co-op"]
[4,"Pima","Mountain Cove Estates, Lots 1-18","Tucson","Metropolitan Domestic Water Improvement District - Hub Satellite"]
[282,"Pima","Mountain Creek Ranch","Tucson","Rincon Water Company"]
[258,"Pima","Parcel E at Santa Rita Springs","Tucson","Farmers Water Co."]
[350,"Pima","Pasadera","Tucson","Farmers Water Co."]
[252,"Pima","Paseo Tierra Townhomes","Tucson","Community Water Company of Green Valley"]
[143,"Pima","Presidio at Santa Rita Springs Lots 4-99 and Legends at Santa Rita Springs Lots 1-128","Tucson","Farmers Water Co."]
[447,"Pima","Quail Creek Phase II w/Golf Course","Tucson","Quail Creek Water Company"]
[690,"Pima","Rancho Del Rio Estates Lots 1-194 and Common Area A","Tucson","Avra Water Co-op"]
[573,"Pima","Rancho Loma Alta","Tucson","Saguaro Water Co."]
[394,"Pima","Rincon Trails","Tucson","Saguaro Water Co."]
[1089,"Pima","Sahuarita Acres","Tucson","Farmers Water Co."]
[604,"Pima","Sahuarita Highlands","Tucson","Farmers Water Co."]
[83,"Pima","San Ignacio Heights Resub","Tucson","Green Valley Domestic Water Improvement District"]
[44,"Pima","San Ignacio Villas (Townhomes)","Tucson","Green Valley Domestic Water Improvement District"]
[85,"Pima","San Ignacio Vistas II Lots 1-70 117-118","Tucson","Green Valley Domestic Water Improvement District"]
[49,"Pima","San Ignacio Vistas II Lots 71-92, 119-128","Tucson","Green Valley Domestic Water Improvement District"]
[117,"Pima","San Ignacio Vistas II Phase 2, 129-258","Tucson","Green Valley Domestic Water Improvement District"]
[1000,"Pima","Santa Cruz Meadows, Lots 1-239 and Common Areas A, B and C","Tucson","Las Quintas Serenas Water Company"]
[1087,"Pima","Santa Rita Villas Townhomes Lots 1-218, Block 1","Tucson","Community Water Company of Green Valley"]
[343,"Pima","Santo Tomas Villas","Tucson","Community Water Company of Green Valley"]
[78,"Pima","Silver Moon Estates (Coronet Park I)","Tucson","Ray Water Company"]
[776,"Pima","Solar del Viejo, Lots 1-81, Common Areas A & B","Tucson","Green Valley Domestic Water Improvement District"]
[505,"Pima","Spanish Trail Estates","Tucson","Saguaro Water Co."]
[113,"Pima","Springs II at Santa Rita","Tucson","Farmers Water Co."]
[673,"Pima","Stone House (The Reserve at Quail Creek)","Tucson","Quail Creek Water Company"]
[671,"Pima","Sycamore Park Villages 1-7 and Common Area A-D","Tucson","Voyager Water Company"]
[1161,"Pima","The Crossing at Sahuarita (fka La Jolla Verde Commercial Center)","Tucson","Community Water Company of Green Valley"]
[605,"Pima","The Estates @ Old Spanish Trail","Tucson","Saguaro Water Co."]
[1215,"Pima","The Estates at Canoa Ranch Lots 1-28 and Common Areas A&B","Tucson","Green Valley Domestic Water Improvement District"]
[563,"Pima","Tierra Linda Nueva","Tucson","Tierra Linda Water Company, Inc."]
[46,"Pima","Tucson Avra West Lots 1-164 and 165-168","Tucson","Anway Manville L.L.C. Water Company"]
[107,"Pima","Twin Lakes Subdivision, Lots 232-254","Tucson","Lago Del Oro Water Company"]
[1218,"Pima","Villas at Canoa Ranch Resort Lots 1-40 and Common Areas A&B","Tucson","Green Valley Domestic Water Improvement District"]
[1295,"Pima","Villas at Miraval","Tucson","Lago Del Oro Water Company"]
[1091,"Pima","Vista del Sol, Lots 1-15 and Common Area 'A'","Tucson","Avra Water Co-op"]
[1222,"Pima","Vistas Del Sol Lots 1-15","Tucson","Saguaro Water Co."]
[396,"Pima","Voyager Homes (Townhomes) Phase D Lots 232-289 and CA  A & B","Tucson","Voyager Water Company"]
[40,"Pima","Voyager Homes Phase B Lots 86-157 and Common Area A & B","Tucson","Voyager Water Company"]
[123,"Pima","Voyager Homes Phase C Lots 158-231 (was Lots 158-235)","Tucson","Voyager Water Company"]
[1235,"Pima","VP Commerce Center","Tucson","VP Domestic Water Improvement District"]
[467,"Pima","Whisper Ranch","Tucson","Saguaro Water Co."]
[1216,"Pima","Yolanda Oasis (fka Yolanda Gardens)","Tucson","Los Cerros Water Company, Inc."]
[0,"Pinal","I don’t see my subdivision","Unknown","Unknown"]
[1497,"Pinal","99 S. Gold Drive","Phoenix","Arizona Water Company - Apache Junction"]
[125,"Pinal","Acacia at Superstition Foothills","Phoenix","Arizona Water Company - Apache Junction"]
[1001,"Pinal","Acacia Farms","Pinal","Arizona Water Company - Casa Grande"]
[265,"Pinal","Acacia Landing","Pinal","Arizona Water Company - Casa Grande"]
[865,"Pinal","Acacia Lofts A Condominium","Pinal","Arizona Water Company - Casa Grande"]
[164,"Pinal","Aldea en la Colina del Cascabel","Phoenix","Arizona Water Company - Apache Junction"]
[280,"Pinal","Apache Dream Townhomes","Phoenix","Arizona Water Company - Apache Junction"]
[1198,"Pinal","Apache Towne Plaza a Condominium","Phoenix","Arizona Water Company - Apache Junction"]
[1090,"Pinal","Archer Meadows (Combined with 1369)","Phoenix","Town of Queen Creek (Diversified Water Utilities, Inc.)"]
[799,"Pinal","Arlington Ranch","Pinal","Arizona Water Company - Casa Grande"]
[411,"Pinal","Arroyo Grande","Pinal","Arizona Water Company - Casa Grande"]
[807,"Pinal","Arroyo Verde Estates","Pinal","Arizona Water Company - Casa Grande"]
[786,"Pinal","Arroyo Vista Estates","Phoenix","Arizona Water Company - Apache Junction"]
[888,"Pinal","Belcara @ Pima","Phoenix","Town of Queen Creek (H2O, Inc.)"]
[1325,"Pinal","Bella Corona","Phoenix","Arizona Water Company - Apache Junction"]
[1123,"Pinal","Bella Vista Estates","Pinal","Arizona Water Company - Casa Grande"]
[1464,"Pinal","Bella Vista Farms Parcels G & H and Parcel K","Phoenix","Town of Queen Creek (Diversified Water Utilities, Inc.)"]
[1189,"Pinal","Big House Hangar Complex","Pinal","Arizona Water Company - Casa Grande"]
[328,"Pinal","Black Mountain Estates","Pinal","Arizona Water Company - Casa Grande"]
[1279,"Pinal","Boardwalk Estates","Phoenix","Arizona Water Company - Apache Junction"]
[891,"Pinal","Borgata at Santan Unit 2 (The Borgata at Santan lots 1-35, 88-162 & 203-209, inclusive)","Phoenix","Town of Queen Creek"]
[35,"Pinal","Broadway Homes","Phoenix","Arizona Water Company - Apache Junction"]
[880,"Pinal","Broadway San Marcos","Phoenix","Arizona Water Company - Apache Junction"]
[257,"Pinal","Cambria","Phoenix","Town of Queen Creek (H2O, Inc.)"]
[324,"Pinal","Canyon View Estates at Superstition Foothills","Phoenix","Arizona Water Company - Apache Junction"]
[647,"Pinal","Carlton Commons","Pinal","Arizona Water Company - Casa Grande"]
[648,"Pinal","Carlton Commons Phases 4 & 5","Pinal","Arizona Water Company - Casa Grande"]
[348,"Pinal","Carter Ranch","Pinal","Arizona Water Company - Coolidge"]
[22,"Pinal","Casa De Ensueno","Pinal","Arizona Water Company - Casa Grande"]
[946,"Pinal","Casa Grande Airpark A Commercial/Industrial Condominium","Pinal","Arizona Water Company - Casa Grande"]
[197,"Pinal","Casa Grande Medical Campus (Condominium)","Pinal","Arizona Water Company - Casa Grande"]
[144,"Pinal","Casa Mirage","Pinal","Arizona Water Company - Casa Grande"]
[722,"Pinal","Casa Villa","Phoenix","Arizona Water Company - Apache Junction"]
[429,"Pinal","Casitas at First Water Village (Parcel 14A at Superstition Foothills)","Phoenix","Arizona Water Company - Apache Junction"]
[406,"Pinal","Castlegate","Phoenix","Town of Queen Creek (H2O, Inc.)"]
[361,"Pinal","Chaparral Estates","Pinal","Arizona Water Company - Casa Grande"]
[1238,"Pinal","Cholla Ridge","Phoenix","Arizona Water Company - Superior"]
[767,"Pinal","Cinco Viejos","Pinal","Arizona Water Company - Casa Grande"]
[927,"Pinal","Circle Cross Ranch Unit 3","Phoenix","Town of Queen Creek (H2O, Inc.)"]
[1100,"Pinal","CLK Ranches (KLC Ranches)","Pinal","Arizona Water Company - Coolidge"]
[1474,"Pinal","Combs Ranch Unit 2","Phoenix","Town of Queen Creek (Diversified Water Utilities, Inc.)"]
[1361,"Pinal","Combs Ranch-Unit 1","Phoenix","Town of Queen Creek (Diversified Water Utilities, Inc.)"]
[221,"Pinal","Coolidge Country Village Estates","Pinal","Arizona Water Company - Coolidge"]
[902,"Pinal","Coolidge Gateway Manor","Pinal","Arizona Water Company - Coolidge"]
[1197,"Pinal","Copper Buttes","Pinal","Arizona Water Company - Casa Grande"]
[616,"Pinal","Copper Hill Estates","Tucson","Arizona Water Company - Oracle"]
[1303,"Pinal","Copper Mountain Ranch Unit 1","Pinal","Arizona Water Company - Casa Grande"]
[271,"Pinal","Cornerstone","Pinal","Arizona Water Company - Casa Grande"]
[794,"Pinal","Coronado Reserve Lots 1-260 Excluding Lots 86-88, 90-95, 97-105","Tucson","Arizona Water Company - Oracle"]
[87,"Pinal","Coronado Ridge","Tucson","Arizona Water Company - Oracle"]
[432,"Pinal","Cota Ranch","Pinal","Arizona Water Company - Coolidge"]
[670,"Pinal","Cottonwood Commons","Pinal","Arizona Water Company - Casa Grande"]
[326,"Pinal","Cottonwood Estates (Cottonwood Village)","Pinal","Arizona Water Company - Casa Grande"]
[314,"Pinal","Cottonwood Ranch","Pinal","Arizona Water Company - Casa Grande"]
[189,"Pinal","Cottonwood Village at Superstition Foothills","Phoenix","Arizona Water Company - Apache Junction"]
[1438,"Pinal","Coyote Crossing","Phoenix","Arizona Water Company - Apache Junction"]
[545,"Pinal","Creekside Estates","Phoenix","Town of Queen Creek"]
[905,"Pinal","Cross Creek Ranch I Phases 1-8 and Cross Creek Ranch II","Pinal","Arizona Water Company - Coolidge"]
[428,"Pinal","Desert Crossing","Pinal","Arizona Water Company - Casa Grande"]
[1229,"Pinal","Desert Ranches","Pinal","Arizona Water Company - Coolidge"]
[1076,"Pinal","Desert Reins","Pinal","Arizona Water Company - Casa Grande"]
[375,"Pinal","Desert Sky Ranch Unit II and IV","Pinal","Arizona Water Company - Casa Grande"]
[91,"Pinal","Desert Sky Ranch Unit III Phase I","Pinal","Arizona Water Company - Casa Grande"]
[1162,"Pinal","Desert Sky Ranch Unit III Phase IV","Pinal","Arizona Water Company - Casa Grande"]
[954,"Pinal","Desert Views","Pinal","Arizona Water Company - Casa Grande"]
[64,"Pinal","Desert Views Unit 1","Pinal","Arizona Water Company - Casa Grande"]
[261,"Pinal","Desert Views Unit 2","Pinal","Arizona Water Company - Casa Grande"]
[809,"Pinal","Dominion Creek","Pinal","Arizona Water Company - Casa Grande"]
[354,"Pinal","Eagle Crest Ranch","Tucson","Goodman Water Company"]
[132,"Pinal","Echeverria Estates","Pinal","Arizona Water Company - Casa Grande"]
[1462,"Pinal","Edgewood","Phoenix","Town of Queen Creek (H2O, Inc.)"]
[962,"Pinal","EJR Ranch-Phase II","Pinal","Picacho Water Company"]
[203,"Pinal","El Mirador at Superstition Mountain (Peralta)","Phoenix","Arizona Water Company - Apache Junction"]
[1121,"Pinal","Elaine Farms","Pinal","Arizona Water Company - Casa Grande"]
[889,"Pinal","Elizabeth Ranch","Pinal","Arizona Water Company - Coolidge"]
[1211,"Pinal","Encanto Hacienda","Pinal","Arizona Water Company - Casa Grande"]
[841,"Pinal","Encanto Paseo","Phoenix","Town of Queen Creek"]
[455,"Pinal","Encanto Real at San Tan Vistas","Phoenix","Town of Queen Creek"]
[874,"Pinal","Encanto Vista I","Phoenix","Town of Queen Creek"]
[871,"Pinal","Encanto Vista II","Phoenix","Town of Queen Creek"]
[1459,"Pinal","Entrada Del Oro Unit 2 - Parcels 1A-1, 1A-2, and 2B","Phoenix","Arizona Water Company - Apache Junction"]
[1422,"Pinal","Entrada Del Oro Unit 2 Parcel 1B-2 & Unit 2 Parcel 2A","Phoenix","Arizona Water Company - Superior"]
[1242,"Pinal","Entrada Del Oro Unit 2-Phase 1B","Phoenix","Arizona Water Company - Apache Junction"]
[176,"Pinal","Estates at Gold Canyon","Phoenix","Arizona Water Company - Apache Junction"]
[264,"Pinal","Estates at Superstition Mountain","Phoenix","Arizona Water Company - Apache Junction"]
[1172,"Pinal","Flatiron Vista Estates at Superstition Foothills","Phoenix","Arizona Water Company - Apache Junction"]
[76,"Pinal","Foothills at Gold Canyon Ranch","Phoenix","Arizona Water Company - Apache Junction"]
[730,"Pinal","G Diamond Ranch Parcel C","Pinal","Arizona Water Company - Casa Grande"]
[353,"Pinal","Garrett Estates","Pinal","Arizona Water Company - Casa Grande"]
[1186,"Pinal","Gateway Ranch","Pinal","Arizona Water Company - Tierra Grande"]
[1054,"Pinal","Ghost Hollow Estates","Pinal","Arizona Water Company - Casa Grande"]
[17,"Pinal","Gold Canyon East","Phoenix","Arizona Water Company - Apache Junction"]
[1256,"Pinal","Gold Canyon East Parcel 9","Phoenix","Arizona Water Company - Apache Junction"]
[60,"Pinal","Gold Canyon East, Phase 4, Parcels 1,  2,  3","Phoenix","Arizona Water Company - Apache Junction"]
[207,"Pinal","Golden Eagle Village at Superstition Foothills","Phoenix","Arizona Water Company - Apache Junction"]
[378,"Pinal","Goldmine Mountain","Phoenix","Town of Queen Creek"]
[70,"Pinal","Golf View Estates","Phoenix","Town of Queen Creek (H2O, Inc.)"]
[1202,"Pinal","Granada Farms Commerce Park","Pinal","Arizona Water Company - Casa Grande"]
[148,"Pinal","Greythorn Village at Superstition Foothills","Phoenix","Arizona Water Company - Apache Junction"]
[407,"Pinal","Hacienda Palo Verde","Pinal","Arizona Water Company - Arizona City"]
[249,"Pinal","Hieroglyphic Trails","Phoenix","Arizona Water Company - Apache Junction"]
[388,"Pinal","Highland Manor","Pinal","Arizona Water Company - Casa Grande"]
[621,"Pinal","Idaho Creek Villas Phase 3 and The Villas at Superstition Mountain Phase 2 and Apache Junction Townhomes","Phoenix","Arizona Water Company - Apache Junction"]
[285,"Pinal","Ironwood Commons","Pinal","Arizona Water Company - Casa Grande"]
[706,"Pinal","Ironwood Commons II","Pinal","Arizona Water Company - Casa Grande"]
[140,"Pinal","Ironwood Cove II","Phoenix","Arizona Water Company - Apache Junction"]
[956,"Pinal","Ironwood Crossing Unit 1","Phoenix","Town of Queen Creek (H2O, Inc.)"]
[1095,"Pinal","Ironwood Crossing Unit 2","Phoenix","Town of Queen Creek (H2O, Inc.)"]
[1144,"Pinal","Ironwood Crossing Unit 3","Phoenix","Town of Queen Creek (H2O, Inc.)"]
[1224,"Pinal","Ironwood Crossing Unit 4","Phoenix","Town of Queen Creek (H2O, Inc.)"]
[129,"Pinal","Ironwood Estates","Phoenix","Arizona Water Company - Apache Junction"]
[1493,"Pinal","Ironwood Springs Ranch","Phoenix","Town of Queen Creek (Diversified Water Utilities, Inc.)"]
[1453,"Pinal","Ironwood Station","Phoenix","Arizona Water Company - Apache Junction"]
[941,"Pinal","Ironwood Trails","Phoenix","Arizona Water Company - Apache Junction"]
[310,"Pinal","Ironwood Village Townhomes","Pinal","Arizona Water Company - Casa Grande"]
[380,"Pinal","Jardines de Esperanzas","Pinal","Arizona Water Company - Casa Grande"]
[149,"Pinal","Juniper Village at Superstition Foothills","Phoenix","Arizona Water Company - Apache Junction"]
[1004,"Pinal","Kenilworth Gardens","Pinal","Arizona Water Company - Coolidge"]
[1408,"Pinal","Kings Ranch Estates (Combined with Barkley Hill #0283)","Phoenix","Arizona Water Company - Apache Junction"]
[291,"Pinal","Lancaster Estates","Pinal","Arizona Water Company - Casa Grande"]
[552,"Pinal","Landmark Ranch Unit 1, Parcel 1","Pinal","Arizona Water Company - Coolidge"]
[861,"Pinal","Landmark Ranch Unit 1-Parcels 2, 3, and 4","Pinal","Arizona Water Company - Coolidge"]
[949,"Pinal","Landmark Ranch-Parcels 9 and 10","Pinal","Arizona Water Company - Coolidge"]
[932,"Pinal","Lantana Villas","Phoenix","Arizona Water Company - Apache Junction"]
[676,"Pinal","Laredo Ranch","Phoenix","Town of Queen Creek (Diversified Water Utilities, Inc.)"]
[237,"Pinal","Las Montanas  (Tierra Rica Estates)","Pinal","Arizona Water Company - Casa Grande"]
[1184,"Pinal","Las Palmas","Pinal","Arizona Water Company - Casa Grande"]
[408,"Pinal","Las Praderas (Kenworthy & Ocotillo)","Phoenix","Town of Queen Creek (H2O, Inc.)"]
[1188,"Pinal","Los Alamos Professional Condominiums Complex","Pinal","Arizona Water Company - Casa Grande"]
[1195,"Pinal","Los Arroyos","Phoenix","Town of Queen Creek"]
[678,"Pinal","Los Portales","Pinal","Arizona Water Company - Casa Grande"]
[302,"Pinal","Lost Dutchman Gardens","Phoenix","Arizona Water Company - Apache Junction"]
[307,"Pinal","Lost Gold Estates Unit I","Phoenix","Arizona Water Company - Apache Junction"]
[308,"Pinal","Lost Gold Estates Unit II","Phoenix","Arizona Water Company - Apache Junction"]
[309,"Pinal","Lost Gold Estates Unit III","Phoenix","Arizona Water Company - Apache Junction"]
[937,"Pinal","Lusitano","Pinal","Arizona Water Company - Casa Grande"]
[427,"Pinal","Mandalay Ranch","Pinal","Arizona Water Company - Casa Grande"]
[1176,"Pinal","Marabella, Parcels 1, 2 & 3","Pinal","Arizona Water Company - Casa Grande"]
[272,"Pinal","Mariposa Manor (Manor Vista)","Pinal","Arizona Water Company - Casa Grande"]
[980,"Pinal","Martin Valley","Pinal","Arizona Water Company - Coolidge"]
[360,"Pinal","McCartney Center","Pinal","Arizona Water Company - Casa Grande"]
[273,"Pinal","McCartney Ranch together with Tierra Pointe Apartments","Pinal","Arizona Water Company - Casa Grande"]
[771,"Pinal","McClellan Meadows","Pinal","Arizona Water Company - Coolidge"]
[554,"Pinal","Meadow Vista","Phoenix","Town of Queen Creek (H2O, Inc.)"]
[57,"Pinal","Meridian Manor","Phoenix","Arizona Water Company - Apache Junction"]
[1296,"Pinal","Meridian of Times Townhomes","Phoenix","Arizona Water Company - Apache Junction"]
[955,"Pinal","Mesquite Trails","Pinal","Arizona Water Company - Casa Grande"]
[259,"Pinal","Mesquite Tree Ranch","Pinal","Arizona Water Company - Casa Grande"]
[727,"Pinal","Milagro","Phoenix","Town of Queen Creek (H2O, Inc.)"]
[574,"Pinal","Mission Ranch","Pinal","Arizona Water Company - Casa Grande"]
[1104,"Pinal","Mission Ranch II","Pinal","Arizona Water Company - Casa Grande"]
[402,"Pinal","Mission Royale Parcels A, H and I w/Golf Course Tracts F, H, and J","Pinal","Arizona Water Company - Casa Grande"]
[950,"Pinal","Mission Royale Phase 2 Parcel C w/Golf Course Tracts G and I","Pinal","Arizona Water Company - Casa Grande"]
[569,"Pinal","Montana del Sol","Pinal","Silverbell Irrigation and Drainage District"]
[785,"Pinal","Monterey Casitas","Phoenix","Arizona Water Company - Apache Junction"]
[674,"Pinal","Monterra Village together with Casa Grande Professional Village A Condominium","Pinal","Arizona Water Company - Casa Grande"]
[355,"Pinal","Mountain View Ranch, Parcels B-H","Pinal","Arizona Water Company - Casa Grande"]
[404,"Pinal","Mountain Vista Ranch (fka Bel Aire Estates)","Pinal","Arizona Water Company - Casa Grande"]
[188,"Pinal","Mountain Whisper at Gold Canyon Ranch","Phoenix","Arizona Water Company - Apache Junction"]
[21,"Pinal","Mountainbrook Village Parcel 11","Phoenix","Arizona Water Company - Apache Junction"]
[84,"Pinal","Mountainbrook Village Parcel 16A & 17","Phoenix","Arizona Water Company - Apache Junction"]
[1445,"Pinal","North Creek Phase 1 - Parcels 1A, 1B, 2-8","Phoenix","Town of Queen Creek (H2O, Inc.)"]
[226,"Pinal","NorthView Estates","Pinal","Arizona Water Company - Tierra Grande"]
[1177,"Pinal","Ocotillo Crossing","Phoenix","Town of Queen Creek (H2O, Inc.)"]
[803,"Pinal","Ocotillo Trails","Phoenix","Town of Queen Creek (H2O, Inc.)"]
[1283,"Pinal","Old West Marketplace","Phoenix","Arizona Water Company - Apache Junction"]
[1322,"Pinal","Ovation at Meridian","Phoenix","Town of Queen Creek (H2O, Inc.)"]
[1126,"Pinal","Overfield Country Estates","Pinal","Arizona Water Company - Casa Grande"]
[1314,"Pinal","Paloma Ranch","Phoenix","Town of Queen Creek"]
[116,"Pinal","Parcel 10, 14B, & 14C at Mountainbrook Village","Phoenix","Arizona Water Company - Apache Junction"]
[181,"Pinal","Parcel 15 at Mountainbrook Village","Phoenix","Arizona Water Company - Apache Junction"]
[114,"Pinal","Parcel 18 at Mountainbrook Village","Phoenix","Arizona Water Company - Apache Junction"]
[115,"Pinal","Parcel 19 at Mountainbrook Village w/Golf Course","Phoenix","Arizona Water Company - Apache Junction"]
[491,"Pinal","Parcel 21 and 21A at Superstition Foothills (Petroglyph Estates at Superstition Foothills and Parcel 21A at Superstition Foothills","Phoenix","Arizona Water Company - Apache Junction"]
[100,"Pinal","Parcel 22 East at Gold Canyon Ranch","Phoenix","Arizona Water Company - Apache Junction"]
[93,"Pinal","Parcel 22 West at Gold Canyon Ranch","Phoenix","Arizona Water Company - Apache Junction"]
[77,"Pinal","Parcel 24 East at Gold Canyon Ranch","Phoenix","Arizona Water Company - Apache Junction"]
[92,"Pinal","Parcel 24 West at Gold Canyon Ranch","Phoenix","Arizona Water Company - Apache Junction"]
[101,"Pinal","Parcel 25 North at Gold Canyon Ranch","Phoenix","Arizona Water Company - Apache Junction"]
[108,"Pinal","Parcel 25 South at Gold Canyon Ranch","Phoenix","Arizona Water Company - Apache Junction"]
[151,"Pinal","Parcel 26-1A at Gold Canyon Ranch (Parcel 26-1A at Superstition Foothills)","Phoenix","Arizona Water Company - Apache Junction"]
[152,"Pinal","Parcel 26-2A at Gold Canyon Ranch","Phoenix","Arizona Water Company - Apache Junction"]
[153,"Pinal","Parcel 26B at Gold Canyon Ranch","Phoenix","Arizona Water Company - Apache Junction"]
[159,"Pinal","Parcel 26C at Gold Canyon Ranch","Phoenix","Arizona Water Company - Apache Junction"]
[222,"Pinal","Parcel 6 at Superstition Foothills (Falcon Village at Superstition Foothill)","Phoenix","Arizona Water Company - Apache Junction"]
[311,"Pinal","Park Homes","Pinal","Arizona Water Company - Coolidge"]
[145,"Pinal","Pebble Trail","Pinal","Arizona Water Company - Casa Grande"]
[270,"Pinal","Pebble Trail Units 3, 4 & 5","Pinal","Arizona Water Company - Casa Grande"]
[1354,"Pinal","Pecan Cove","Phoenix","Town of Queen Creek (H2O, Inc.)"]
[469,"Pinal","Pecan Creek North","Phoenix","Town of Queen Creek (H2O, Inc.)"]
[766,"Pinal","Pecan Creek South","Phoenix","Town of Queen Creek (H2O, Inc.)"]
[1298,"Pinal","Peralta Canyon Phase 1, Parcels 1-6","Phoenix","Arizona Water Company - Apache Junction"]
[1396,"Pinal","Peralta Canyon, Parcels 7-12","Phoenix","Arizona Water Company - Apache Junction"]
[263,"Pinal","Peralta Preserve Units I, II, & III","Phoenix","Arizona Water Company - Apache Junction"]
[524,"Pinal","Phase 1 at Entrada Del Oro","Phoenix","Arizona Water Company - Apache Junction"]
[1080,"Pinal","Phillips Country Estates","Pinal","Sunland Water Company"]
[919,"Pinal","Picacho Crossing","Pinal","Arizona Water Company - Coolidge"]
[1097,"Pinal","Picacho Village","Pinal","Arizona Water Company - Coolidge"]
[1247,"Pinal","Pima Crossing","Phoenix","Town of Queen Creek (H2O, Inc.)"]
[1174,"Pinal","Pinal Professional Village (Condominium)","Phoenix","Town of Queen Creek (H2O, Inc.)"]
[147,"Pinal","Pinyon Village at Superstition Foothills","Phoenix","Arizona Water Company - Apache Junction"]
[124,"Pinal","Ponderosa Village at Superstition Foothills","Phoenix","Arizona Water Company - Apache Junction"]
[1079,"Pinal","Pueblo Townhomes","Pinal","Arizona Water Company - Casa Grande"]
[199,"Pinal","Purple Sage II & Purple Sage III","Phoenix","Arizona Water Company - Apache Junction"]
[182,"Pinal","Quail Canyon","Phoenix","Arizona Water Company - Apache Junction"]
[1257,"Pinal","Quail Ranch","Phoenix","Town of Queen Creek (Diversified Water Utilities, Inc.)"]
[103,"Pinal","Quail Run at Coyote Ranch","Pinal","Arizona Water Company - Casa Grande"]
[219,"Pinal","Ranch 160","Phoenix","Arizona Water Company - Apache Junction"]
[235,"Pinal","Rancho Palo Verde Estates","Pinal","Arizona Water Company - Casa Grande"]
[1160,"Pinal","Red River Phase 1 - Province","Pinal","Santa Rosa Water Company"]
[984,"Pinal","Red Rock Village 1","Tucson","Global Water - Red Rock Utilities Company, Inc."]
[983,"Pinal","Red Rock Village 2","Tucson","Global Water - Red Rock Utilities Company, Inc."]
[985,"Pinal","Red Rock Village IIA","Tucson","Global Water - Red Rock Utilities Company, Inc."]
[1156,"Pinal","Red Rock Village III","Tucson","Global Water - Red Rock Utilities Company, Inc."]
[1120,"Pinal","Red Rock Village IV","Tucson","Global Water - Red Rock Utilities Company, Inc."]
[1157,"Pinal","Red Rock Village V (AMENDED)","Tucson","Global Water - Red Rock Utilities Company, Inc."]
[1448,"Pinal","Red Rock Village VIA","Tucson","Global Water - Red Rock Utilities Company, Inc."]
[1428,"Pinal","Red Rock Village VIIIA","Tucson","Global Water - Red Rock Utilities Company, Inc."]
[1434,"Pinal","Red Rock Village VIIIB","Tucson","Global Water - Red Rock Utilities Company, Inc."]
[1451,"Pinal","Red Rock Village VIIIC","Tucson","Global Water - Red Rock Utilities Company, Inc."]
[105,"Pinal","Renaissance Park","Phoenix","Arizona Water Company - Apache Junction"]
[26,"Pinal","Renaissance Point, Parcel 1, Phase 1","Phoenix","Arizona Water Company - Apache Junction"]
[27,"Pinal","Renaissance Point, Parcel 1, Phase 2","Phoenix","Arizona Water Company - Apache Junction"]
[34,"Pinal","Renaissance Point, Parcel 2","Phoenix","Arizona Water Company - Apache Junction"]
[847,"Pinal","Robson Ranch Unit 60","Pinal","Picacho Water Company"]
[1065,"Pinal","Robson Ranch Units 27 & 28","Pinal","Picacho Water Company"]
[318,"Pinal","Robson Ranch-Casa Grande (Sun Lakes - Casa Grande w/Golf Course)","Pinal","Picacho Water Company"]
[929,"Pinal","Rodeo Ranch Estates","Pinal","Arizona Water Company - Casa Grande"]
[1179,"Pinal","Royal Palms in Apache Junction","Phoenix","Arizona Water Company - Apache Junction"]
[851,"Pinal","Saddle Creek II","Pinal","Arizona Water Company - Casa Grande"]
[568,"Pinal","Saddle Creek Ranch","Pinal","Arizona Water Company - Casa Grande"]
[294,"Pinal","SaddleBrooke Ranch w/Golf Course","Tucson","Arizona Water Company - Oracle"]
[383,"Pinal","SaddleBrooke Unit 21","Tucson","Lago Del Oro Water Company"]
[819,"Pinal","SaddleBrooke Unit 51","Tucson","Lago Del Oro Water Company"]
[393,"Pinal","SaddleBrooke Units 42-45 w/Golf Course","Tucson","Ridgeview Utility Company"]
[410,"Pinal","SaddleBrooke Units 46-50","Tucson","Lago Del Oro Water Company"]
[359,"Pinal","Safeway Store #1706","Pinal","Arizona Water Company - Casa Grande"]
[131,"Pinal","Saguaro Estates","Pinal","Arizona Water Company - Casa Grande"]
[1324,"Pinal","Samaniego Vista Lots 1-37 & Tracts A - D","Tucson","Lago Del Oro Water Company"]
[562,"Pinal","San Marcos Crossing","Phoenix","Arizona Water Company - Apache Junction"]
[1450,"Pinal","San Tan Groves - Parcel A","Phoenix","Town of Queen Creek (H2O, Inc.)"]
[1357,"Pinal","San Tan Meadows","Phoenix","Town of Queen Creek (H2O, Inc.)"]
[1061,"Pinal","Sandia-NW","Pinal","Woodruff Water Company"]
[1067,"Pinal","Sandia-SE1 w/Golf Course","Pinal","Woodruff Water Company"]
[1068,"Pinal","Sandia-SE2","Pinal","Woodruff Water Company"]
[672,"Pinal","Santa Cruz Village","Pinal","Arizona Water Company - Casa Grande"]
[165,"Pinal","Santa Rosa","Pinal","Arizona Water Company - Casa Grande"]
[782,"Pinal","Santo Vallarta","Phoenix","Town of Queen Creek"]
[1114,"Pinal","Shea Homes at Johnson Farms aka Trilogy Encanterra w/Golf Course","Phoenix","Town of Queen Creek (H2O, Inc.)"]
[1175,"Pinal","Shoppes at Pecan Ranch together with Pecan Cove West","Phoenix","Town of Queen Creek (H2O, Inc.)"]
[216,"Pinal","Sierra Entrada Garden Homes Unit 3 (Unit II)","Phoenix","Arizona Water Company - Apache Junction"]
[558,"Pinal","Sierra Entrada Garden Homes, Unit IV","Phoenix","Arizona Water Company - Apache Junction"]
[890,"Pinal","Sierra Ranch II","Pinal","Arizona Water Company - Casa Grande"]
[178,"Pinal","Sierra Vista at Gold Canyon Ranch","Phoenix","Arizona Water Company - Apache Junction"]
[731,"Pinal","Signal Peak Estates","Pinal","Arizona Water Company - Casa Grande"]
[1150,"Pinal","Silver Cholla Estates at Superstition Foothills","Phoenix","Arizona Water Company - Apache Junction"]
[286,"Pinal","Silverhawk","Pinal","Arizona Water Company - Casa Grande"]
[911,"Pinal","Skousen Farms","Pinal","Arizona Water Company - Coolidge"]
[922,"Pinal","Skyline Estates","Phoenix","Town of Queen Creek (Diversified Water Utilities, Inc.)"]
[233,"Pinal","Skyline Vista Ranch","Phoenix","Town of Queen Creek (Diversified Water Utilities, Inc.)"]
[266,"Pinal","Smoke Tree 1C","Pinal","Arizona Water Company - Casa Grande"]
[288,"Pinal","Sonoran Heights","Pinal","Arizona Water Company - Casa Grande"]
[986,"Pinal","Springwater Pointe","Pinal","Arizona Water Company - Casa Grande"]
[1246,"Pinal","Stagecoach Trails","Phoenix","Arizona Water Company - Apache Junction"]
[892,"Pinal","Stone Creek Estates","Phoenix","Town of Queen Creek"]
[1139,"Pinal","Stoney Creek Estates I & II","Pinal","Arizona Water Company - Coolidge"]
[1278,"Pinal","Sundance Ridge","Tucson","Desert Springs Domestic Water Improvement District"]
[274,"Pinal","Sunland Ranches","Pinal","Arizona Water Company - Arizona City"]
[119,"Pinal","Sunrise at Gold Canyon","Phoenix","Arizona Water Company - Apache Junction"]
[497,"Pinal","Sunrise at Wildhorse","Pinal","Arizona Water Company - Coolidge"]
[90,"Pinal","Sunrise Canyon","Phoenix","Arizona Water Company - Apache Junction"]
[471,"Pinal","Sunset View Units 1 & 2","Pinal","Arizona Water Company - Casa Grande"]
[208,"Pinal","Sunset Village at Superstition Foothills","Phoenix","Arizona Water Company - Apache Junction"]
[166,"Pinal","Superior Highlands","Phoenix","Arizona Water Company - Superior"]
[238,"Pinal","Superstition Foothills Parcel 23A","Phoenix","Arizona Water Company - Apache Junction"]
[239,"Pinal","Superstition Foothills Parcel 23B","Phoenix","Arizona Water Company - Apache Junction"]
[240,"Pinal","Superstition Foothills Parcel 27A","Phoenix","Arizona Water Company - Apache Junction"]
[241,"Pinal","Superstition Foothills Parcel 27B","Phoenix","Arizona Water Company - Apache Junction"]
[242,"Pinal","Superstition Foothills Parcel 28A","Phoenix","Arizona Water Company - Apache Junction"]
[243,"Pinal","Superstition Foothills Parcel 28B","Phoenix","Arizona Water Company - Apache Junction"]
[14,"Pinal","Superstition Highlands","Phoenix","Arizona Water Company - Apache Junction"]
[878,"Pinal","Superstition Mountain Estates","Phoenix","Arizona Water Company - Apache Junction"]
[190,"Pinal","Sycamore Village at Superstition Foothills","Phoenix","Arizona Water Company - Apache Junction"]
[677,"Pinal","Tamaron","Pinal","Arizona Water Company - Casa Grande"]
[791,"Pinal","Taylor Ranch","Phoenix","Town of Queen Creek (H2O, Inc.)"]
[120,"Pinal","Tesoro Townhomes (Tesoro at Gold Canyon East)","Phoenix","Arizona Water Company - Apache Junction"]
[570,"Pinal","The Club Villas at Superstition Foothills (Parcel 16 at Superstition Foothills)","Phoenix","Arizona Water Company - Apache Junction"]
[435,"Pinal","The Cottages at Castlegate Parcel 1 and Parcel 2","Phoenix","Town of Queen Creek (H2O, Inc.)"]
[284,"Pinal","The Greens at Casa Grande Unit I and Unit IIA (Gadsden Greens)","Pinal","Arizona Water Company - Casa Grande"]
[369,"Pinal","The Links Estates Unit 2","Phoenix","Town of Queen Creek (H2O, Inc.)"]
[863,"Pinal","The Parks Parcels A, B and D","Phoenix","Town of Queen Creek (H2O, Inc.)"]
[1319,"Pinal","The Parks Parcels C, E, and F","Phoenix","Town of Queen Creek (H2O, Inc.)"]
[1494,"Pinal","The Quarters at Queen Creek-Parcel A and Parcel B","Phoenix","Town of Queen Creek (H2O, Inc.)"]
[111,"Pinal","The Ridge at Black Butte","Pinal","Arizona Water Company - Casa Grande"]
[1181,"Pinal","The Shops at TC Village","Pinal","Arizona Water Company - Casa Grande"]
[1083,"Pinal","The Village @ Ironwood Townhomes","Phoenix","Arizona Water Company - Apache Junction"]
[436,"Pinal","The Villages at Castlegate","Phoenix","Town of Queen Creek (H2O, Inc.)"]
[1225,"Pinal","Toltec Estates","Pinal","Arizona Water Company - Coolidge"]
[198,"Pinal","Toscano Villas (Coyote Call) (Townhomes)","Phoenix","Arizona Water Company - Apache Junction"]
[327,"Pinal","Trekell Estates","Pinal","Arizona Water Company - Casa Grande"]
[879,"Pinal","Tuscany","Pinal","Arizona Water Company - Casa Grande"]
[82,"Pinal","Val Vista Estates","Pinal","Arizona Water Company - Casa Grande"]
[362,"Pinal","Valley of the Sun Estates","Phoenix","Town of Queen Creek (Diversified Water Utilities, Inc.)"]
[346,"Pinal","Valley Vista Estates","Pinal","Arizona Water Company - Coolidge"]
[914,"Pinal","Verona at 11 Mile Corner","Pinal","Arizona Water Company - Coolidge"]
[1155,"Pinal","Villa Arroyo","Pinal","Arizona Water Company - Casa Grande"]
[1109,"Pinal","Village at Coolidge","Pinal","Arizona Water Company - Coolidge"]
[1063,"Pinal","Villagio Subdivision","Phoenix","Arizona Water Company - Apache Junction"]
[669,"Pinal","Villago Phase 1","Pinal","Arizona Water Company - Casa Grande"]
[1227,"Pinal","Villago Village Commercial Center","Pinal","Arizona Water Company - Casa Grande"]
[510,"Pinal","Vineyard Estates","Phoenix","Town of Queen Creek (H2O, Inc.)"]
[96,"Pinal","Vinwood Estates","Phoenix","Town of Queen Creek (H2O, Inc.)"]
[56,"Pinal","Vista Del Corazon","Phoenix","Arizona Water Company - Apache Junction"]
[804,"Pinal","Vista Del Rey Estates","Pinal","Arizona Water Company - Casa Grande"]
[1103,"Pinal","Vista Estates","Pinal","Arizona Water Company - Casa Grande"]
[142,"Pinal","Vista Grande (Arizona Grande)","Phoenix","Arizona Water Company - Apache Junction"]
[163,"Pinal","Vista Point at Gold Canyon Ranch","Phoenix","Arizona Water Company - Apache Junction"]
[1084,"Pinal","Vista Ranch","Pinal","Arizona Water Company - Casa Grande"]
[1433,"Pinal","Wales Ranches Unit 1","Phoenix","Town of Queen Creek (H2O, Inc.)"]
[1454,"Pinal","Wales Ranches Unit 2","Phoenix","Town of Queen Creek (H2O, Inc.)"]
[1501,"Pinal","Wales Ranches Unit 3","Phoenix","Town of Queen Creek (H2O, Inc.)"]
[1500,"Pinal","Ware Farms","Phoenix","Town of Queen Creek (H2O, Inc.)"]
[549,"Pinal","Wayne Ranch","Phoenix","Town of Queen Creek (H2O, Inc.)"]
[315,"Pinal","Weaver Ranch","Pinal","Arizona Water Company - Casa Grande"]
[918,"Pinal","Westfield Park","Pinal","Arizona Water Company - Casa Grande"]
[109,"Pinal","Wilderness at Superstition Foothills","Phoenix","Arizona Water Company - Apache Junction"]
[146,"Pinal","Wildflower Village at Superstition Foothills","Phoenix","Arizona Water Company - Apache Junction"]
[419,"Pinal","Wildwood","Pinal","Arizona Water Company - Casa Grande"]